Last updated on 2024-07-27 15:50:10 CEST.
Flavor | Version | Tinstall | Tcheck | Ttotal | Status | Flags |
---|---|---|---|---|---|---|
r-devel-linux-x86_64-debian-clang | 1.5.3 | 259.09 | 105.34 | 364.43 | OK | |
r-devel-linux-x86_64-debian-gcc | 1.5.3 | OK | ||||
r-devel-linux-x86_64-fedora-clang | 1.5.3 | 590.62 | OK | |||
r-devel-linux-x86_64-fedora-gcc | 1.5.3 | 619.94 | OK | |||
r-devel-windows-x86_64 | 1.5.3 | 201.00 | 153.00 | 354.00 | OK | |
r-patched-linux-x86_64 | 1.5.3 | OK | ||||
r-release-linux-x86_64 | 1.5.3 | 231.34 | 97.44 | 328.78 | OK | |
r-release-macos-arm64 | 1.5.3 | 116.00 | NOTE | |||
r-release-macos-x86_64 | 1.5.3 | 121.00 | NOTE | |||
r-release-windows-x86_64 | 1.5.3 | 235.00 | 150.00 | 385.00 | OK | |
r-oldrel-macos-arm64 | 1.5.3 | 127.00 | NOTE | |||
r-oldrel-macos-x86_64 | 1.5.3 | 184.00 | NOTE | |||
r-oldrel-windows-x86_64 | 1.5.3 | 238.00 | 170.00 | 408.00 | OK |
Version: 1.5.3
Check: installed package size
Result: NOTE
installed size is 19.1Mb
sub-directories of 1Mb or more:
libs 17.8Mb
Flavors: r-release-macos-arm64, r-release-macos-x86_64, r-oldrel-macos-arm64, r-oldrel-macos-x86_64
These binaries (installable software) and packages are in development.
They may not be fully stable and should be used with caution. We make no claims about them.