CRAN Package Check Results for Package AlphaSimR

Last updated on 2025-02-16 10:50:41 CET.

Flavor Version Tinstall Tcheck Ttotal Status Flags
r-devel-linux-x86_64-debian-clang 1.6.1 188.70 84.77 273.47 OK
r-devel-linux-x86_64-debian-gcc 1.6.1 149.56 58.93 208.49 OK
r-devel-linux-x86_64-fedora-clang 1.6.1 539.42 OK
r-devel-linux-x86_64-fedora-gcc 1.6.1 586.16 OK
r-devel-macos-arm64 1.6.1 110.00 OK
r-devel-macos-x86_64 1.6.1 157.00 OK
r-devel-windows-x86_64 1.6.1 195.00 154.00 349.00 OK
r-patched-linux-x86_64 1.6.1 201.09 76.66 277.75 OK
r-release-linux-x86_64 1.6.1 203.98 76.62 280.60 OK
r-release-macos-arm64 1.6.1 117.00 NOTE
r-release-macos-x86_64 1.6.1 182.00 NOTE
r-release-windows-x86_64 1.6.1 196.00 153.00 349.00 OK
r-oldrel-macos-arm64 1.6.1 109.00 NOTE
r-oldrel-macos-x86_64 1.6.1 180.00 NOTE
r-oldrel-windows-x86_64 1.6.1 246.00 167.00 413.00 OK

Check Details

Version: 1.6.1
Check: installed package size
Result: NOTE installed size is 19.5Mb sub-directories of 1Mb or more: libs 18.2Mb Flavors: r-release-macos-arm64, r-release-macos-x86_64, r-oldrel-macos-arm64, r-oldrel-macos-x86_64

These binaries (installable software) and packages are in development.
They may not be fully stable and should be used with caution. We make no claims about them.