CRAN Package Check Results for Package AmpliconDuo

Last updated on 2025-07-26 07:50:15 CEST.

Flavor Version Tinstall Tcheck Ttotal Status Flags
r-devel-linux-x86_64-debian-clang 1.1.1 5.41 80.88 86.29 NOTE
r-devel-linux-x86_64-debian-gcc 1.1.1 3.71 54.12 57.83 NOTE
r-devel-linux-x86_64-fedora-clang 1.1.1 133.62 NOTE
r-devel-linux-x86_64-fedora-gcc 1.1.1 130.47 NOTE
r-devel-windows-x86_64 1.1.1 7.00 98.00 105.00 NOTE
r-patched-linux-x86_64 1.1.1 5.53 75.29 80.82 NOTE
r-release-linux-x86_64 1.1.1 4.74 74.52 79.26 NOTE
r-release-macos-arm64 1.1.1 42.00 NOTE
r-release-macos-x86_64 1.1.1 70.00 NOTE
r-release-windows-x86_64 1.1.1 8.00 100.00 108.00 NOTE
r-oldrel-macos-arm64 1.1.1 39.00 NOTE
r-oldrel-macos-x86_64 1.1.1 57.00 NOTE
r-oldrel-windows-x86_64 1.1.1 9.00 123.00 132.00 NOTE

Check Details

Version: 1.1.1
Check: Rd files
Result: NOTE checkRd: (-1) AmpliconDuo-package.Rd:37-39: Lost braces in \itemize; meant \describe ? checkRd: (-1) AmpliconDuo-package.Rd:40-42: Lost braces in \itemize; meant \describe ? checkRd: (-1) AmpliconDuo-package.Rd:43-46: Lost braces in \itemize; meant \describe ? checkRd: (-1) AmpliconDuo-package.Rd:47-49: Lost braces in \itemize; meant \describe ? checkRd: (-1) AmpliconDuo-package.Rd:50-52: Lost braces in \itemize; meant \describe ? checkRd: (-1) AmpliconDuo-package.Rd:53-55: Lost braces in \itemize; meant \describe ? checkRd: (-1) AmpliconDuo-package.Rd:56-58: Lost braces in \itemize; meant \describe ? Flavors: r-devel-linux-x86_64-debian-clang, r-devel-linux-x86_64-debian-gcc, r-devel-linux-x86_64-fedora-clang, r-devel-linux-x86_64-fedora-gcc, r-devel-windows-x86_64, r-patched-linux-x86_64, r-release-linux-x86_64, r-release-macos-arm64, r-release-macos-x86_64, r-release-windows-x86_64, r-oldrel-macos-arm64, r-oldrel-macos-x86_64, r-oldrel-windows-x86_64

These binaries (installable software) and packages are in development.
They may not be fully stable and should be used with caution. We make no claims about them.