CRAN Package Check Results for Package AmyloGram

Last updated on 2025-07-27 09:50:11 CEST.

Flavor Version Tinstall Tcheck Ttotal Status Flags
r-devel-linux-x86_64-debian-clang 1.1 9.95 68.41 78.36 NOTE
r-devel-linux-x86_64-debian-gcc 1.1 6.89 50.60 57.49 NOTE
r-devel-linux-x86_64-fedora-clang 1.1 119.90 OK
r-devel-linux-x86_64-fedora-gcc 1.1 113.59 OK
r-devel-windows-x86_64 1.1 14.00 85.00 99.00 OK
r-patched-linux-x86_64 1.1 8.80 63.44 72.24 OK
r-release-linux-x86_64 1.1 9.02 63.71 72.73 OK
r-release-macos-arm64 1.1 40.00 OK
r-release-macos-x86_64 1.1 73.00 OK
r-release-windows-x86_64 1.1 11.00 76.00 87.00 OK
r-oldrel-macos-arm64 1.1 39.00 OK
r-oldrel-macos-x86_64 1.1 53.00 OK
r-oldrel-windows-x86_64 1.1 14.00 98.00 112.00 OK

Check Details

Version: 1.1
Check: CRAN incoming feasibility
Result: NOTE Maintainer: ‘Michal Burdukiewicz <michalburdukiewicz@gmail.com>’ Package CITATION file contains call(s) to old-style citEntry(). Please use bibentry() instead. Found the following URLs which should use \doi (with the DOI name only): File ‘AmyloGram-package.Rd’: https://doi.org/10.1038/s41598-017-13210-9 Flavors: r-devel-linux-x86_64-debian-clang, r-devel-linux-x86_64-debian-gcc

These binaries (installable software) and packages are in development.
They may not be fully stable and should be used with caution. We make no claims about them.