Last updated on 2025-10-24 19:50:28 CEST.
| Flavor | Version | Tinstall | Tcheck | Ttotal | Status | Flags |
|---|---|---|---|---|---|---|
| r-devel-linux-x86_64-debian-clang | 1.1 | 8.80 | 69.38 | 78.18 | NOTE | |
| r-devel-linux-x86_64-debian-gcc | 1.1 | 7.13 | 54.11 | 61.24 | NOTE | |
| r-devel-linux-x86_64-fedora-clang | 1.1 | 17.00 | 100.30 | 117.30 | OK | |
| r-devel-linux-x86_64-fedora-gcc | 1.1 | 39.00 | 78.13 | 117.13 | OK | |
| r-devel-windows-x86_64 | 1.1 | 11.00 | 78.00 | 89.00 | OK | |
| r-patched-linux-x86_64 | 1.1 | 8.43 | 64.71 | 73.14 | OK | |
| r-release-linux-x86_64 | 1.1 | 7.39 | 64.93 | 72.32 | OK | |
| r-release-macos-arm64 | 1.1 | 5.00 | 35.00 | 40.00 | OK | |
| r-release-macos-x86_64 | 1.1 | 10.00 | 63.00 | 73.00 | OK | |
| r-release-windows-x86_64 | 1.1 | 12.00 | 79.00 | 91.00 | OK | |
| r-oldrel-macos-arm64 | 1.1 | 4.00 | 35.00 | 39.00 | OK | |
| r-oldrel-macos-x86_64 | 1.1 | 7.00 | 46.00 | 53.00 | OK | |
| r-oldrel-windows-x86_64 | 1.1 | 14.00 | 95.00 | 109.00 | OK |
Version: 1.1
Check: CRAN incoming feasibility
Result: NOTE
Maintainer: ‘Michal Burdukiewicz <michalburdukiewicz@gmail.com>’
Package CITATION file contains call(s) to old-style citEntry(). Please
use bibentry() instead.
Found the following URLs which should use \doi (with the DOI name only):
File ‘AmyloGram-package.Rd’:
https://doi.org/10.1038/s41598-017-13210-9
Flavors: r-devel-linux-x86_64-debian-clang, r-devel-linux-x86_64-debian-gcc
These binaries (installable software) and packages are in development.
They may not be fully stable and should be used with caution. We make no claims about them.