CRAN Package Check Results for Package AnalyzeFMRI

Last updated on 2025-11-13 01:50:14 CET.

Flavor Version Tinstall Tcheck Ttotal Status Flags
r-devel-linux-x86_64-debian-clang 1.1-25 29.59 66.63 96.22 NOTE
r-devel-linux-x86_64-debian-gcc 1.1-25 20.05 56.87 76.92 NOTE
r-devel-linux-x86_64-fedora-clang 1.1-25 65.00 86.94 151.94 NOTE
r-devel-linux-x86_64-fedora-gcc 1.1-25 65.00 79.73 144.73 NOTE
r-devel-windows-x86_64 1.1-25 38.00 94.00 132.00 NOTE
r-patched-linux-x86_64 1.1-25 26.43 61.11 87.54 OK
r-release-linux-x86_64 1.1-25 24.94 60.18 85.12 OK
r-release-macos-arm64 1.1-25 27.00 36.00 63.00 OK
r-release-macos-x86_64 1.1-25 38.00 59.00 97.00 OK
r-release-windows-x86_64 1.1-25 36.00 90.00 126.00 OK
r-oldrel-macos-arm64 1.1-25 25.00 39.00 64.00 OK
r-oldrel-macos-x86_64 1.1-25 37.00 56.00 93.00 OK
r-oldrel-windows-x86_64 1.1-25 35.00 103.00 138.00 OK

Check Details

Version: 1.1-25
Check: Rd files
Result: NOTE checkRd: (-1) ijk2xyz.Rd:254-258: Only 7 columns allowed in this table (row 1 has 6) checkRd: (-1) ijk2xyz.Rd:254-258: Only 7 columns allowed in this table (row 2 has 6) checkRd: (-1) ijk2xyz.Rd:254-258: Only 7 columns allowed in this table (row 3 has 6) Flavors: r-devel-linux-x86_64-debian-clang, r-devel-linux-x86_64-debian-gcc, r-devel-linux-x86_64-fedora-clang, r-devel-linux-x86_64-fedora-gcc, r-devel-windows-x86_64

These binaries (installable software) and packages are in development.
They may not be fully stable and should be used with caution. We make no claims about them.