Last updated on 2025-10-23 19:50:08 CEST.
Flavor | Version | Tinstall | Tcheck | Ttotal | Status | Flags |
---|---|---|---|---|---|---|
r-devel-linux-x86_64-debian-clang | 0.1.3 | 7.49 | 87.62 | 95.11 | NOTE | |
r-devel-linux-x86_64-debian-gcc | 0.1.3 | 6.19 | 69.15 | 75.34 | NOTE | |
r-devel-linux-x86_64-fedora-clang | 0.1.3 | 17.00 | 130.37 | 147.37 | OK | |
r-devel-linux-x86_64-fedora-gcc | 0.1.3 | 36.00 | 112.92 | 148.92 | OK | |
r-devel-windows-x86_64 | 0.1.3 | 9.00 | 98.00 | 107.00 | OK | |
r-patched-linux-x86_64 | 0.1.3 | 7.34 | 87.88 | 95.22 | OK | |
r-release-linux-x86_64 | 0.1.3 | 7.59 | 88.28 | 95.87 | OK | |
r-release-macos-arm64 | 0.1.3 | 4.00 | 58.00 | 62.00 | OK | |
r-release-macos-x86_64 | 0.1.3 | 8.00 | 98.00 | 106.00 | OK | |
r-release-windows-x86_64 | 0.1.3 | 10.00 | 98.00 | 108.00 | OK | |
r-oldrel-macos-arm64 | 0.1.3 | 4.00 | 48.00 | 52.00 | OK | |
r-oldrel-macos-x86_64 | 0.1.3 | 5.00 | 71.00 | 76.00 | OK | |
r-oldrel-windows-x86_64 | 0.1.3 | 12.00 | 120.00 | 132.00 | OK |
Version: 0.1.3
Check: CRAN incoming feasibility
Result: NOTE
Maintainer: ‘Simon Zimmermann <zimmersi@hu-berlin.de>’
No Authors@R field in DESCRIPTION.
Please add one, modifying
Authors@R: person(given = "Simon",
family = "Zimmermann",
role = c("aut", "cre"),
email = "zimmersi@hu-berlin.de")
as necessary.
Flavors: r-devel-linux-x86_64-debian-clang, r-devel-linux-x86_64-debian-gcc
These binaries (installable software) and packages are in development.
They may not be fully stable and should be used with caution. We make no claims about them.