Last updated on 2025-11-13 01:50:14 CET.
| Flavor | Version | Tinstall | Tcheck | Ttotal | Status | Flags |
|---|---|---|---|---|---|---|
| r-devel-linux-x86_64-debian-clang | 0.1.3 | 8.38 | 87.76 | 96.14 | NOTE | |
| r-devel-linux-x86_64-debian-gcc | 0.1.3 | 6.35 | 68.99 | 75.34 | NOTE | |
| r-devel-linux-x86_64-fedora-clang | 0.1.3 | 20.00 | 128.66 | 148.66 | OK | |
| r-devel-linux-x86_64-fedora-gcc | 0.1.3 | 18.00 | 123.83 | 141.83 | OK | |
| r-devel-windows-x86_64 | 0.1.3 | 10.00 | 102.00 | 112.00 | OK | |
| r-patched-linux-x86_64 | 0.1.3 | 7.23 | 89.07 | 96.30 | OK | |
| r-release-linux-x86_64 | 0.1.3 | 7.87 | 87.97 | 95.84 | OK | |
| r-release-macos-arm64 | 0.1.3 | 4.00 | 58.00 | 62.00 | OK | |
| r-release-macos-x86_64 | 0.1.3 | 8.00 | 98.00 | 106.00 | OK | |
| r-release-windows-x86_64 | 0.1.3 | 9.00 | 113.00 | 122.00 | OK | |
| r-oldrel-macos-arm64 | 0.1.3 | 4.00 | 48.00 | 52.00 | OK | |
| r-oldrel-macos-x86_64 | 0.1.3 | 5.00 | 71.00 | 76.00 | OK | |
| r-oldrel-windows-x86_64 | 0.1.3 | 14.00 | 127.00 | 141.00 | OK |
Version: 0.1.3
Check: CRAN incoming feasibility
Result: NOTE
Maintainer: ‘Simon Zimmermann <zimmersi@hu-berlin.de>’
No Authors@R field in DESCRIPTION.
Please add one, modifying
Authors@R: person(given = "Simon",
family = "Zimmermann",
role = c("aut", "cre"),
email = "zimmersi@hu-berlin.de")
as necessary.
Flavors: r-devel-linux-x86_64-debian-clang, r-devel-linux-x86_64-debian-gcc
These binaries (installable software) and packages are in development.
They may not be fully stable and should be used with caution. We make no claims about them.