CRAN Package Check Results for Package AnimalHabitatNetwork

Last updated on 2025-07-26 07:50:15 CEST.

Flavor Version Tinstall Tcheck Ttotal Status Flags
r-devel-linux-x86_64-debian-clang 0.1.0 4.99 47.10 52.09 NOTE
r-devel-linux-x86_64-debian-gcc 0.1.0 3.22 33.88 37.10 NOTE
r-devel-linux-x86_64-fedora-clang 0.1.0 80.48 NOTE
r-devel-linux-x86_64-fedora-gcc 0.1.0 76.14 NOTE
r-devel-windows-x86_64 0.1.0 8.00 59.00 67.00 NOTE
r-patched-linux-x86_64 0.1.0 3.09 42.07 45.16 NOTE
r-release-linux-x86_64 0.1.0 4.90 42.31 47.21 NOTE
r-release-macos-arm64 0.1.0 25.00 NOTE
r-release-macos-x86_64 0.1.0 44.00 NOTE
r-release-windows-x86_64 0.1.0 7.00 60.00 67.00 NOTE
r-oldrel-macos-arm64 0.1.0 24.00 NOTE
r-oldrel-macos-x86_64 0.1.0 36.00 NOTE
r-oldrel-windows-x86_64 0.1.0 8.00 71.00 79.00 NOTE

Check Details

Version: 0.1.0
Check: package subdirectories
Result: NOTE Problems with news in ‘NEWS.md’: No news entries found. Flavors: r-devel-linux-x86_64-debian-clang, r-devel-linux-x86_64-debian-gcc, r-devel-linux-x86_64-fedora-clang, r-devel-linux-x86_64-fedora-gcc, r-devel-windows-x86_64, r-patched-linux-x86_64, r-release-linux-x86_64, r-release-macos-arm64, r-release-macos-x86_64, r-release-windows-x86_64, r-oldrel-macos-arm64, r-oldrel-macos-x86_64, r-oldrel-windows-x86_64

These binaries (installable software) and packages are in development.
They may not be fully stable and should be used with caution. We make no claims about them.