Last updated on 2025-05-01 17:55:57 CEST.
Flavor | Version | Tinstall | Tcheck | Ttotal | Status | Flags |
---|---|---|---|---|---|---|
r-devel-linux-x86_64-debian-clang | 1.3.0 | 2.19 | 27.64 | 29.83 | NOTE | |
r-devel-linux-x86_64-debian-gcc | 1.3.0 | 1.92 | 22.43 | 24.35 | NOTE | |
r-devel-linux-x86_64-fedora-clang | 1.3.0 | 47.55 | OK | |||
r-devel-linux-x86_64-fedora-gcc | 1.3.0 | 63.21 | OK | |||
r-devel-windows-x86_64 | 1.3.0 | 4.00 | 80.00 | 84.00 | OK | |
r-patched-linux-x86_64 | 1.3.0 | 2.38 | 27.08 | 29.46 | OK | |
r-release-linux-x86_64 | OK | |||||
r-release-macos-arm64 | 1.3.0 | 62.00 | OK | |||
r-release-macos-x86_64 | 1.3.0 | 84.00 | OK | |||
r-release-windows-x86_64 | 1.3.0 | 4.00 | 78.00 | 82.00 | OK | |
r-oldrel-macos-arm64 | 1.3.0 | 97.00 | OK | |||
r-oldrel-macos-x86_64 | 1.3.0 | 92.00 | OK | |||
r-oldrel-windows-x86_64 | 1.3.0 | 4.00 | 80.00 | 84.00 | OK |
Version: 1.3.0
Check: CRAN incoming feasibility
Result: NOTE
Maintainer: ‘Samuel R. Borstein <sam@borstein.com>’
No Authors@R field in DESCRIPTION.
Please add one, modifying
Authors@R: c(person(given = c("Samuel", "R."),
family = "Borstein",
role = c("aut", "cre"),
email = "sam@borstein.com"),
person(given = "Brian",
family = "O'Meara",
role = "aut",
email = "bomeara@utk.edu"))
as necessary.
Package CITATION file contains call(s) to old-style personList() or
as.personList(). Please use c() on person objects instead.
Package CITATION file contains call(s) to old-style citEntry(). Please
use bibentry() instead.
Flavors: r-devel-linux-x86_64-debian-clang, r-devel-linux-x86_64-debian-gcc
These binaries (installable software) and packages are in development.
They may not be fully stable and should be used with caution. We make no claims about them.