Last updated on 2025-11-13 01:50:14 CET.
| Flavor | Version | Tinstall | Tcheck | Ttotal | Status | Flags |
|---|---|---|---|---|---|---|
| r-devel-linux-x86_64-debian-clang | 1.0-0 | 13.21 | 113.95 | 127.16 | NOTE | |
| r-devel-linux-x86_64-debian-gcc | 1.0-0 | 8.81 | 79.20 | 88.01 | NOTE | |
| r-devel-linux-x86_64-fedora-clang | 1.0-0 | 63.00 | 140.15 | 203.15 | NOTE | |
| r-devel-linux-x86_64-fedora-gcc | 1.0-0 | 29.00 | 154.07 | 183.07 | NOTE | |
| r-devel-windows-x86_64 | 1.0-0 | 14.00 | 130.00 | 144.00 | NOTE | |
| r-patched-linux-x86_64 | 1.0-0 | 12.74 | 106.46 | 119.20 | NOTE | |
| r-release-linux-x86_64 | 1.0-0 | 8.30 | 107.63 | 115.93 | NOTE | |
| r-release-macos-arm64 | 1.0-0 | 6.00 | 44.00 | 50.00 | NOTE | |
| r-release-macos-x86_64 | 1.0-0 | 10.00 | 76.00 | 86.00 | NOTE | |
| r-release-windows-x86_64 | 1.0-0 | 15.00 | 122.00 | 137.00 | NOTE | |
| r-oldrel-macos-arm64 | 1.0-0 | 5.00 | 41.00 | 46.00 | NOTE | |
| r-oldrel-macos-x86_64 | 1.0-0 | 8.00 | 59.00 | 67.00 | NOTE | |
| r-oldrel-windows-x86_64 | 1.0-0 | 19.00 | 159.00 | 178.00 | NOTE |
Version: 1.0-0
Check: CRAN incoming feasibility
Result: NOTE
Maintainer: ‘Fabrizio Maturo <f.maturo@unich.it>’
The BugReports field in DESCRIPTION has
https://github.com/fabriziomaturo/AnnuityRIR
which should likely be
https://github.com/fabriziomaturo/AnnuityRIR/issues
instead.
Flavors: r-devel-linux-x86_64-debian-clang, r-devel-linux-x86_64-debian-gcc
Version: 1.0-0
Check: Rd files
Result: NOTE
checkRd: (-1) PV_post_triang_3.Rd:7: Escaped LaTeX specials: \_ \_
checkRd: (-1) PV_post_triang_3.Rd:22: Escaped LaTeX specials: \_ \_
checkRd: (-1) PV_pre_triang_3.Rd:7: Escaped LaTeX specials: \_ \_
checkRd: (-1) PV_pre_triang_3.Rd:22: Escaped LaTeX specials: \_ \_
Flavors: r-devel-linux-x86_64-debian-clang, r-devel-linux-x86_64-debian-gcc, r-devel-linux-x86_64-fedora-clang, r-devel-linux-x86_64-fedora-gcc, r-devel-windows-x86_64, r-patched-linux-x86_64, r-release-linux-x86_64, r-release-macos-arm64, r-release-macos-x86_64, r-release-windows-x86_64, r-oldrel-macos-arm64, r-oldrel-macos-x86_64, r-oldrel-windows-x86_64
These binaries (installable software) and packages are in development.
They may not be fully stable and should be used with caution. We make no claims about them.