Last updated on 2025-02-16 10:50:41 CET.
Flavor | Version | Tinstall | Tcheck | Ttotal | Status | Flags |
---|---|---|---|---|---|---|
r-devel-linux-x86_64-debian-clang | 1.0-0 | 12.11 | 98.18 | 110.29 | NOTE | |
r-devel-linux-x86_64-debian-gcc | 1.0-0 | 7.89 | 64.71 | 72.60 | NOTE | |
r-devel-linux-x86_64-fedora-clang | 1.0-0 | 186.87 | NOTE | |||
r-devel-linux-x86_64-fedora-gcc | 1.0-0 | 162.45 | NOTE | |||
r-devel-macos-arm64 | 1.0-0 | 48.00 | NOTE | |||
r-devel-macos-x86_64 | 1.0-0 | 86.00 | NOTE | |||
r-devel-windows-x86_64 | 1.0-0 | 15.00 | 112.00 | 127.00 | NOTE | |
r-patched-linux-x86_64 | 1.0-0 | 10.24 | 91.15 | 101.39 | NOTE | |
r-release-linux-x86_64 | 1.0-0 | 10.87 | 90.24 | 101.11 | NOTE | |
r-release-macos-arm64 | 1.0-0 | 46.00 | NOTE | |||
r-release-macos-x86_64 | 1.0-0 | 67.00 | NOTE | |||
r-release-windows-x86_64 | 1.0-0 | 14.00 | 114.00 | 128.00 | NOTE | |
r-oldrel-macos-arm64 | 1.0-0 | 42.00 | NOTE | |||
r-oldrel-macos-x86_64 | 1.0-0 | 65.00 | NOTE | |||
r-oldrel-windows-x86_64 | 1.0-0 | 17.00 | 132.00 | 149.00 | NOTE |
Version: 1.0-0
Check: Rd files
Result: NOTE
checkRd: (-1) PV_post_triang_3.Rd:7: Escaped LaTeX specials: \_ \_
checkRd: (-1) PV_post_triang_3.Rd:22: Escaped LaTeX specials: \_ \_
checkRd: (-1) PV_pre_triang_3.Rd:7: Escaped LaTeX specials: \_ \_
checkRd: (-1) PV_pre_triang_3.Rd:22: Escaped LaTeX specials: \_ \_
Flavors: r-devel-linux-x86_64-debian-clang, r-devel-linux-x86_64-debian-gcc, r-devel-linux-x86_64-fedora-clang, r-devel-linux-x86_64-fedora-gcc, r-devel-macos-arm64, r-devel-macos-x86_64, r-devel-windows-x86_64, r-patched-linux-x86_64, r-release-linux-x86_64, r-release-macos-arm64, r-release-macos-x86_64, r-release-windows-x86_64, r-oldrel-macos-arm64, r-oldrel-macos-x86_64, r-oldrel-windows-x86_64
These binaries (installable software) and packages are in development.
They may not be fully stable and should be used with caution. We make no claims about them.