Last updated on 2025-10-03 19:50:02 CEST.
Flavor | Version | Tinstall | Tcheck | Ttotal | Status | Flags |
---|---|---|---|---|---|---|
r-devel-linux-x86_64-debian-clang | 0.1 | 3.09 | 42.48 | 45.57 | OK | |
r-devel-linux-x86_64-debian-gcc | 0.1 | 2.33 | 30.21 | 32.54 | OK | |
r-devel-linux-x86_64-fedora-clang | 0.1 | 68.88 | NOTE | |||
r-devel-linux-x86_64-fedora-gcc | 0.1 | 66.68 | NOTE | |||
r-devel-windows-x86_64 | 0.1 | 6.00 | 64.00 | 70.00 | OK | |
r-patched-linux-x86_64 | 0.1 | 3.54 | 39.88 | 43.42 | OK | |
r-release-linux-x86_64 | 0.1 | 3.28 | 41.88 | 45.16 | OK | |
r-release-macos-arm64 | 0.1 | 29.00 | OK | |||
r-release-macos-x86_64 | 0.1 | 45.00 | OK | |||
r-release-windows-x86_64 | 0.1 | 5.00 | 64.00 | 69.00 | OK | |
r-oldrel-macos-arm64 | 0.1 | 28.00 | OK | |||
r-oldrel-macos-x86_64 | 0.1 | 46.00 | OK | |||
r-oldrel-windows-x86_64 | 0.1 | 7.00 | 72.00 | 79.00 | OK |
Version: 0.1
Check: dependencies in R code
Result: NOTE
Namespace in Imports field not imported from: ‘class’
All declared Imports should be used.
Flavors: r-devel-linux-x86_64-fedora-clang, r-devel-linux-x86_64-fedora-gcc
These binaries (installable software) and packages are in development.
They may not be fully stable and should be used with caution. We make no claims about them.