Last updated on 2025-02-16 10:50:41 CET.
Flavor | Version | Tinstall | Tcheck | Ttotal | Status | Flags |
---|---|---|---|---|---|---|
r-devel-linux-x86_64-debian-clang | 0.1 | 2.98 | 39.46 | 42.44 | OK | |
r-devel-linux-x86_64-debian-gcc | 0.1 | 1.90 | 28.72 | 30.62 | OK | |
r-devel-linux-x86_64-fedora-clang | 0.1 | 72.30 | NOTE | |||
r-devel-linux-x86_64-fedora-gcc | 0.1 | 66.34 | NOTE | |||
r-devel-macos-arm64 | 0.1 | 26.00 | OK | |||
r-devel-macos-x86_64 | 0.1 | 43.00 | OK | |||
r-devel-windows-x86_64 | 0.1 | 5.00 | 65.00 | 70.00 | OK | |
r-patched-linux-x86_64 | 0.1 | 2.90 | 37.36 | 40.26 | OK | |
r-release-linux-x86_64 | 0.1 | 2.72 | 38.02 | 40.74 | OK | |
r-release-macos-arm64 | 0.1 | 28.00 | OK | |||
r-release-macos-x86_64 | 0.1 | 46.00 | OK | |||
r-release-windows-x86_64 | 0.1 | 5.00 | 74.00 | 79.00 | OK | |
r-oldrel-macos-arm64 | 0.1 | 31.00 | OK | |||
r-oldrel-macos-x86_64 | 0.1 | 42.00 | OK | |||
r-oldrel-windows-x86_64 | 0.1 | 6.00 | 75.00 | 81.00 | OK |
Version: 0.1
Check: dependencies in R code
Result: NOTE
Namespace in Imports field not imported from: ‘class’
All declared Imports should be used.
Flavors: r-devel-linux-x86_64-fedora-clang, r-devel-linux-x86_64-fedora-gcc
These binaries (installable software) and packages are in development.
They may not be fully stable and should be used with caution. We make no claims about them.