CRAN Package Check Results for Package AnomalyScore

Last updated on 2025-05-08 04:51:59 CEST.

Flavor Version Tinstall Tcheck Ttotal Status Flags
r-devel-linux-x86_64-debian-clang 0.1 3.17 40.79 43.96 OK
r-devel-linux-x86_64-debian-gcc 0.1 2.37 28.98 31.35 OK
r-devel-linux-x86_64-fedora-clang 0.1 68.75 NOTE
r-devel-linux-x86_64-fedora-gcc 0.1 65.62 NOTE
r-devel-windows-x86_64 0.1 5.00 65.00 70.00 OK
r-patched-linux-x86_64 0.1 2.37 39.50 41.87 OK
r-release-linux-x86_64 0.1 3.29 38.25 41.54 OK
r-release-macos-arm64 0.1 29.00 OK
r-release-macos-x86_64 0.1 45.00 OK
r-release-windows-x86_64 0.1 4.00 66.00 70.00 OK
r-oldrel-macos-arm64 0.1 28.00 OK
r-oldrel-macos-x86_64 0.1 46.00 OK
r-oldrel-windows-x86_64 0.1 6.00 73.00 79.00 OK

Check Details

Version: 0.1
Check: dependencies in R code
Result: NOTE Namespace in Imports field not imported from: ‘class’ All declared Imports should be used. Flavors: r-devel-linux-x86_64-fedora-clang, r-devel-linux-x86_64-fedora-gcc

These binaries (installable software) and packages are in development.
They may not be fully stable and should be used with caution. We make no claims about them.