CRAN Package Check Results for Package AnomalyScore

Last updated on 2025-07-02 01:51:31 CEST.

Flavor Version Tinstall Tcheck Ttotal Status Flags
r-devel-linux-x86_64-debian-clang 0.1 3.24 41.41 44.65 OK
r-devel-linux-x86_64-debian-gcc 0.1 2.08 29.69 31.77 OK
r-devel-linux-x86_64-fedora-clang 0.1 68.99 NOTE
r-devel-linux-x86_64-fedora-gcc 0.1 67.80 NOTE
r-devel-windows-x86_64 0.1 6.00 65.00 71.00 OK
r-patched-linux-x86_64 OK
r-release-linux-x86_64 0.1 3.10 38.42 41.52 OK
r-release-macos-arm64 0.1 29.00 OK
r-release-macos-x86_64 0.1 45.00 OK
r-release-windows-x86_64 0.1 6.00 63.00 69.00 OK
r-oldrel-macos-arm64 0.1 28.00 OK
r-oldrel-macos-x86_64 0.1 46.00 OK
r-oldrel-windows-x86_64 0.1 7.00 76.00 83.00 OK

Check Details

Version: 0.1
Check: dependencies in R code
Result: NOTE Namespace in Imports field not imported from: ‘class’ All declared Imports should be used. Flavors: r-devel-linux-x86_64-fedora-clang, r-devel-linux-x86_64-fedora-gcc

These binaries (installable software) and packages are in development.
They may not be fully stable and should be used with caution. We make no claims about them.