Last updated on 2024-07-27 15:50:11 CEST.
Flavor | Version | Tinstall | Tcheck | Ttotal | Status | Flags |
---|---|---|---|---|---|---|
r-devel-linux-x86_64-debian-clang | 1.1.0 | 61.81 | 296.94 | 358.75 | NOTE | |
r-devel-linux-x86_64-debian-gcc | 1.1.0 | NOTE | ||||
r-devel-linux-x86_64-fedora-clang | 1.1.0 | 522.83 | NOTE | |||
r-devel-linux-x86_64-fedora-gcc | 1.1.0 | 492.03 | NOTE | |||
r-devel-windows-x86_64 | 1.1.0 | 56.00 | 297.00 | 353.00 | NOTE | |
r-patched-linux-x86_64 | 1.1.0 | NOTE | ||||
r-release-linux-x86_64 | 1.1.0 | 46.83 | 374.43 | 421.26 | NOTE | |
r-release-macos-arm64 | 1.1.0 | 121.00 | NOTE | |||
r-release-macos-x86_64 | 1.1.0 | 167.00 | NOTE | |||
r-release-windows-x86_64 | 1.1.0 | 61.00 | 296.00 | 357.00 | NOTE | |
r-oldrel-macos-arm64 | 1.1.0 | 140.00 | NOTE | |||
r-oldrel-macos-x86_64 | 1.1.0 | 216.00 | NOTE | |||
r-oldrel-windows-x86_64 | 1.1.0 | 66.00 | 333.00 | 399.00 | NOTE |
Version: 1.1.0
Check: C++ specification
Result: NOTE
Specified C++11: please drop specification unless essential
Flavors: r-devel-linux-x86_64-debian-clang, r-devel-linux-x86_64-debian-gcc, r-devel-linux-x86_64-fedora-clang, r-devel-linux-x86_64-fedora-gcc, r-devel-windows-x86_64, r-patched-linux-x86_64, r-release-linux-x86_64, r-release-macos-arm64, r-release-macos-x86_64, r-release-windows-x86_64, r-oldrel-macos-arm64, r-oldrel-macos-x86_64, r-oldrel-windows-x86_64
Version: 1.1.0
Check: dependencies in R code
Result: NOTE
Namespaces in Imports field not imported from:
‘Rdpack’ ‘mcclust’
All declared Imports should be used.
Flavors: r-devel-linux-x86_64-fedora-clang, r-devel-linux-x86_64-fedora-gcc
Version: 1.1.0
Check: installed package size
Result: NOTE
installed size is 5.6Mb
sub-directories of 1Mb or more:
libs 5.3Mb
Flavors: r-release-macos-arm64, r-release-macos-x86_64, r-oldrel-macos-arm64, r-oldrel-macos-x86_64
These binaries (installable software) and packages are in development.
They may not be fully stable and should be used with caution. We make no claims about them.