Last updated on 2025-11-12 19:51:41 CET.
| Flavor | Version | Tinstall | Tcheck | Ttotal | Status | Flags |
|---|---|---|---|---|---|---|
| r-devel-linux-x86_64-debian-clang | 1.20 | 20.26 | 167.15 | 187.41 | NOTE | |
| r-devel-linux-x86_64-debian-gcc | 1.20 | 14.56 | 122.81 | 137.37 | NOTE | |
| r-devel-linux-x86_64-fedora-clang | 1.20 | 45.00 | 243.48 | 288.48 | NOTE | |
| r-devel-linux-x86_64-fedora-gcc | 1.20 | 43.00 | 241.10 | 284.10 | NOTE | |
| r-devel-windows-x86_64 | 1.20 | 24.00 | 200.00 | 224.00 | NOTE | |
| r-patched-linux-x86_64 | 1.20 | 21.28 | 157.29 | 178.57 | OK | |
| r-release-linux-x86_64 | 1.20 | 16.57 | 159.97 | 176.54 | OK | |
| r-release-macos-arm64 | 1.20 | 8.00 | 70.00 | 78.00 | OK | |
| r-release-macos-x86_64 | 1.20 | 15.00 | 115.00 | 130.00 | OK | |
| r-release-windows-x86_64 | 1.20 | 25.00 | 187.00 | 212.00 | OK | |
| r-oldrel-macos-arm64 | 1.20 | 10.00 | 66.00 | 76.00 | OK | |
| r-oldrel-macos-x86_64 | 1.20 | 15.00 | 112.00 | 127.00 | OK | |
| r-oldrel-windows-x86_64 | 1.20 | 33.00 | 235.00 | 268.00 | OK |
Version: 1.20
Check: Rd files
Result: NOTE
checkRd: (-1) Anthropometry-package.Rd:11-19: Only 2 columns allowed in this table (row 1 has 1)
checkRd: (-1) Anthropometry-package.Rd:11-19: Only 2 columns allowed in this table (row 2 has 1)
checkRd: (-1) Anthropometry-package.Rd:11-19: Only 2 columns allowed in this table (row 3 has 1)
checkRd: (-1) Anthropometry-package.Rd:11-19: Only 2 columns allowed in this table (row 4 has 1)
checkRd: (-1) Anthropometry-package.Rd:11-19: Only 2 columns allowed in this table (row 5 has 1)
checkRd: (-1) Anthropometry-package.Rd:11-19: Only 2 columns allowed in this table (row 6 has 1)
checkRd: (-1) Anthropometry-package.Rd:11-19: Only 2 columns allowed in this table (row 7 has 1)
Flavors: r-devel-linux-x86_64-debian-clang, r-devel-linux-x86_64-debian-gcc, r-devel-linux-x86_64-fedora-clang, r-devel-linux-x86_64-fedora-gcc, r-devel-windows-x86_64
These binaries (installable software) and packages are in development.
They may not be fully stable and should be used with caution. We make no claims about them.