CRAN Package Check Results for Package AntibodyForests

Last updated on 2025-10-03 03:50:31 CEST.

Flavor Version Tinstall Tcheck Ttotal Status Flags
r-devel-linux-x86_64-debian-clang 1.1.0 13.96 132.31 146.27 OK
r-devel-linux-x86_64-debian-gcc 1.1.0 7.54 90.53 98.07 OK
r-devel-linux-x86_64-fedora-clang 1.1.0 248.79 OK
r-devel-linux-x86_64-fedora-gcc 1.1.0 259.42 OK
r-devel-windows-x86_64 1.1.0 16.00 155.00 171.00 OK
r-patched-linux-x86_64 1.1.0 13.39 120.85 134.24 OK
r-release-linux-x86_64 1.1.0 12.67 120.93 133.60 OK
r-release-macos-arm64 1.1.0 65.00 OK
r-release-macos-x86_64 1.1.0 128.00 OK
r-release-windows-x86_64 1.1.0 15.00 136.00 151.00 OK
r-oldrel-macos-arm64 1.1.0 71.00 OK
r-oldrel-macos-x86_64 1.1.0 11.00 ERROR
r-oldrel-windows-x86_64 1.1.0 24.00 173.00 197.00 OK

Check Details

Version: 1.1.0
Check: package dependencies
Result: ERROR Package required but not available: ‘pwalign’ See section ‘The DESCRIPTION file’ in the ‘Writing R Extensions’ manual. Flavor: r-oldrel-macos-x86_64

These binaries (installable software) and packages are in development.
They may not be fully stable and should be used with caution. We make no claims about them.