Last updated on 2025-02-23 09:51:02 CET.
Flavor | Version | Tinstall | Tcheck | Ttotal | Status | Flags |
---|---|---|---|---|---|---|
r-devel-linux-x86_64-debian-clang | 0.1.0 | 131.63 | 171.43 | 303.06 | OK | |
r-devel-linux-x86_64-debian-gcc | 0.1.0 | 116.37 | 130.47 | 246.84 | OK | |
r-devel-linux-x86_64-fedora-clang | 0.1.0 | 488.98 | NOTE | |||
r-devel-linux-x86_64-fedora-gcc | 0.1.0 | 569.53 | NOTE | |||
r-devel-macos-arm64 | 0.1.0 | 124.00 | OK | |||
r-devel-macos-x86_64 | 0.1.0 | 464.00 | OK | |||
r-devel-windows-x86_64 | 0.1.0 | 139.00 | 176.00 | 315.00 | OK | |
r-patched-linux-x86_64 | 0.1.0 | 146.23 | 168.95 | 315.18 | NOTE | |
r-release-linux-x86_64 | 0.1.0 | 146.55 | 169.07 | 315.62 | NOTE | |
r-release-macos-arm64 | 0.1.0 | 74.00 | NOTE | |||
r-release-macos-x86_64 | 0.1.0 | 150.00 | NOTE | |||
r-release-windows-x86_64 | 0.1.0 | 142.00 | 172.00 | 314.00 | NOTE | |
r-oldrel-macos-arm64 | 0.1.0 | 126.00 | NOTE | |||
r-oldrel-macos-x86_64 | 0.1.0 | 200.00 | NOTE | |||
r-oldrel-windows-x86_64 | 0.1.0 | 174.00 | 221.00 | 395.00 | NOTE |
Version: 0.1.0
Check: dependencies in R code
Result: NOTE
Namespace in Imports field not imported from: ‘RcppParallel’
All declared Imports should be used.
Flavors: r-devel-linux-x86_64-fedora-clang, r-devel-linux-x86_64-fedora-gcc
Version: 0.1.0
Check: for GNU extensions in Makefiles
Result: NOTE
GNU make is a SystemRequirements.
Flavors: r-patched-linux-x86_64, r-release-linux-x86_64, r-release-macos-arm64, r-release-macos-x86_64, r-release-windows-x86_64, r-oldrel-macos-arm64, r-oldrel-macos-x86_64, r-oldrel-windows-x86_64
Version: 0.1.0
Check: installed package size
Result: NOTE
installed size is 40.1Mb
sub-directories of 1Mb or more:
libs 39.8Mb
Flavors: r-release-macos-arm64, r-release-macos-x86_64, r-oldrel-macos-arm64, r-oldrel-macos-x86_64
These binaries (installable software) and packages are in development.
They may not be fully stable and should be used with caution. We make no claims about them.