Last updated on 2025-05-01 10:50:03 CEST.
Flavor | Version | Tinstall | Tcheck | Ttotal | Status | Flags |
---|---|---|---|---|---|---|
r-devel-linux-x86_64-debian-clang | 0.2.3 | 2.91 | 26.06 | 28.97 | NOTE | |
r-devel-linux-x86_64-debian-gcc | 0.2.3 | 2.13 | 20.70 | 22.83 | NOTE | |
r-devel-linux-x86_64-fedora-clang | 0.2.3 | 44.86 | OK | |||
r-devel-linux-x86_64-fedora-gcc | 0.2.3 | 45.94 | OK | |||
r-devel-windows-x86_64 | 0.2.3 | 4.00 | 53.00 | 57.00 | OK | |
r-patched-linux-x86_64 | 0.2.3 | 2.78 | 24.83 | 27.61 | OK | |
r-release-linux-x86_64 | OK | |||||
r-release-macos-arm64 | 0.2.3 | 27.00 | OK | |||
r-release-macos-x86_64 | 0.2.3 | 42.00 | OK | |||
r-release-windows-x86_64 | 0.2.3 | 4.00 | 54.00 | 58.00 | OK | |
r-oldrel-macos-arm64 | 0.2.3 | 18.00 | OK | |||
r-oldrel-macos-x86_64 | 0.2.3 | 29.00 | OK | |||
r-oldrel-windows-x86_64 | 0.2.3 | 6.00 | 60.00 | 66.00 | OK |
Version: 0.2.3
Check: CRAN incoming feasibility
Result: NOTE
Maintainer: ‘Diogo Silveira Mendonca <diogosmendonca@gmail.com>’
No Authors@R field in DESCRIPTION.
Please add one, modifying
Authors@R: person(given = c("Diogo", "Silveira"),
family = "Mendonca",
role = c("aut", "cre"),
email = "diogosmendonca@gmail.com")
as necessary.
Flavors: r-devel-linux-x86_64-debian-clang, r-devel-linux-x86_64-debian-gcc
Version: 0.2.3
Check: examples
Result: NOTE
Examples with CPU (user + system) or elapsed time > 5s
user system elapsed
read.apache.access.log 0.154 0.01 6.599
Flavor: r-devel-linux-x86_64-debian-clang
These binaries (installable software) and packages are in development.
They may not be fully stable and should be used with caution. We make no claims about them.