Last updated on 2025-05-01 14:49:04 CEST.
Flavor | Version | Tinstall | Tcheck | Ttotal | Status | Flags |
---|---|---|---|---|---|---|
r-devel-linux-x86_64-debian-clang | 3.0.1 | 11.57 | 245.46 | 257.03 | NOTE | |
r-devel-linux-x86_64-debian-gcc | 3.0.1 | 7.89 | 172.64 | 180.53 | OK | |
r-devel-linux-x86_64-fedora-clang | 3.0.1 | 396.50 | OK | |||
r-devel-linux-x86_64-fedora-gcc | 3.0.1 | 418.13 | OK | |||
r-devel-windows-x86_64 | 3.0.1 | 13.00 | 243.00 | 256.00 | OK | |
r-patched-linux-x86_64 | 3.0.1 | 10.91 | 235.08 | 245.99 | OK | |
r-release-linux-x86_64 | OK | |||||
r-release-macos-arm64 | 3.0.1 | 143.00 | OK | |||
r-release-macos-x86_64 | 3.0.1 | 270.00 | OK | |||
r-release-windows-x86_64 | 3.0.1 | 13.00 | 241.00 | 254.00 | OK | |
r-oldrel-macos-arm64 | 3.0.1 | 128.00 | OK | |||
r-oldrel-macos-x86_64 | 3.0.1 | 262.00 | OK | |||
r-oldrel-windows-x86_64 | 3.0.1 | 15.00 | 288.00 | 303.00 | OK |
Version: 3.0.1
Check: examples
Result: NOTE
Examples with CPU (user + system) or elapsed time > 5s
user system elapsed
create.pgs.rank.plot 5.624 0.301 7.131
Flavor: r-devel-linux-x86_64-debian-clang
These binaries (installable software) and packages are in development.
They may not be fully stable and should be used with caution. We make no claims about them.