Last updated on 2025-10-23 17:50:41 CEST.
| Flavor | Version | Tinstall | Tcheck | Ttotal | Status | Flags |
|---|---|---|---|---|---|---|
| r-devel-linux-x86_64-debian-clang | 0.3-1 | 6.50 | 59.77 | 66.27 | NOTE | |
| r-devel-linux-x86_64-debian-gcc | 0.3-1 | 5.11 | 44.49 | 49.60 | NOTE | |
| r-devel-linux-x86_64-fedora-clang | 0.3-1 | 14.00 | 86.64 | 100.64 | NOTE | |
| r-devel-linux-x86_64-fedora-gcc | 0.3-1 | 20.00 | 77.02 | 97.02 | NOTE | |
| r-devel-windows-x86_64 | 0.3-1 | 8.00 | 69.00 | 77.00 | NOTE | |
| r-patched-linux-x86_64 | 0.3-1 | 6.96 | 56.96 | 63.92 | NOTE | |
| r-release-linux-x86_64 | 0.3-1 | 7.07 | 56.56 | 63.63 | NOTE | |
| r-release-macos-arm64 | 0.3-1 | 4.00 | 31.00 | 35.00 | NOTE | |
| r-release-macos-x86_64 | 0.3-1 | 6.00 | 66.00 | 72.00 | NOTE | |
| r-release-windows-x86_64 | 0.3-1 | 8.00 | 70.00 | 78.00 | NOTE | |
| r-oldrel-macos-arm64 | 0.3-1 | 3.00 | 28.00 | 31.00 | NOTE | |
| r-oldrel-macos-x86_64 | 0.3-1 | 5.00 | 38.00 | 43.00 | NOTE | |
| r-oldrel-windows-x86_64 | 0.3-1 | 11.00 | 85.00 | 96.00 | NOTE |
Version: 0.3-1
Check: Rd files
Result: NOTE
checkRd: (-1) estimate_t0.Rd:41: Lost braces in \itemize; meant \describe ?
checkRd: (-1) estimate_t0.Rd:42: Lost braces in \itemize; meant \describe ?
checkRd: (-1) estimate_t0.Rd:43: Lost braces in \itemize; meant \describe ?
checkRd: (-1) fitArCo.Rd:73: Lost braces in \itemize; meant \describe ?
checkRd: (-1) fitArCo.Rd:74: Lost braces in \itemize; meant \describe ?
checkRd: (-1) fitArCo.Rd:75: Lost braces in \itemize; meant \describe ?
Flavors: r-devel-linux-x86_64-debian-clang, r-devel-linux-x86_64-debian-gcc, r-devel-linux-x86_64-fedora-clang, r-devel-linux-x86_64-fedora-gcc, r-devel-windows-x86_64, r-patched-linux-x86_64, r-release-linux-x86_64, r-release-macos-arm64, r-release-macos-x86_64, r-release-windows-x86_64, r-oldrel-macos-arm64, r-oldrel-macos-x86_64, r-oldrel-windows-x86_64
These binaries (installable software) and packages are in development.
They may not be fully stable and should be used with caution. We make no claims about them.