CRAN Package Check Results for Package AsioHeaders

Last updated on 2025-02-23 09:51:02 CET.

Flavor Version Tinstall Tcheck Ttotal Status Flags
r-devel-linux-x86_64-debian-clang 1.22.1-2 1.77 13.59 15.36 OK
r-devel-linux-x86_64-debian-gcc 1.22.1-2 1.56 11.24 12.80 OK
r-devel-linux-x86_64-fedora-clang 1.22.1-2 24.19 OK
r-devel-linux-x86_64-fedora-gcc 1.22.1-2 24.28 OK
r-devel-macos-arm64 1.22.1-2 14.00 OK
r-devel-macos-x86_64 1.22.1-2 38.00 OK
r-devel-windows-x86_64 1.22.1-2 6.00 38.00 44.00 OK
r-patched-linux-x86_64 1.22.1-2 2.03 13.12 15.15 OK
r-release-linux-x86_64 1.22.1-2 1.96 13.24 15.20 OK
r-release-macos-arm64 1.22.1-2 18.00 NOTE
r-release-macos-x86_64 1.22.1-2 21.00 NOTE
r-release-windows-x86_64 1.22.1-2 7.00 38.00 45.00 NOTE
r-oldrel-macos-arm64 1.22.1-2 17.00 NOTE
r-oldrel-macos-x86_64 1.22.1-2 20.00 NOTE
r-oldrel-windows-x86_64 1.22.1-2 7.00 35.00 42.00 NOTE

Check Details

Version: 1.22.1-2
Check: installed package size
Result: NOTE installed size is 6.4Mb sub-directories of 1Mb or more: include 6.4Mb Flavors: r-release-macos-arm64, r-release-macos-x86_64, r-release-windows-x86_64, r-oldrel-macos-arm64, r-oldrel-macos-x86_64, r-oldrel-windows-x86_64

These binaries (installable software) and packages are in development.
They may not be fully stable and should be used with caution. We make no claims about them.