CRAN Package Check Results for Package AsioHeaders

Last updated on 2025-07-19 21:49:30 CEST.

Flavor Version Tinstall Tcheck Ttotal Status Flags
r-devel-linux-x86_64-debian-clang 1.30.2-1 1.22 13.57 14.79 OK
r-devel-linux-x86_64-debian-gcc 1.30.2-1 1.13 11.54 12.67 OK
r-devel-linux-x86_64-fedora-clang 1.30.2-1 24.68 OK
r-devel-linux-x86_64-fedora-gcc 1.30.2-1 22.58 OK
r-devel-windows-x86_64 1.30.2-1 9.00 31.00 40.00 OK
r-patched-linux-x86_64 1.30.2-1 1.28 12.49 13.77 OK
r-release-linux-x86_64 1.30.2-1 1.22 12.32 13.54 OK
r-release-macos-arm64 1.30.2-1 16.00 OK
r-release-macos-x86_64 1.30.2-1 22.00 OK
r-release-windows-x86_64 1.30.2-1 10.00 35.00 45.00 OK
r-oldrel-macos-arm64 1.30.2-1 20.00 NOTE
r-oldrel-macos-x86_64 1.30.2-1 30.00 NOTE
r-oldrel-windows-x86_64 1.30.2-1 9.00 31.00 40.00 NOTE

Check Details

Version: 1.30.2-1
Check: installed package size
Result: NOTE installed size is 6.2Mb sub-directories of 1Mb or more: include 6.1Mb Flavors: r-oldrel-macos-arm64, r-oldrel-macos-x86_64, r-oldrel-windows-x86_64

These binaries (installable software) and packages are in development.
They may not be fully stable and should be used with caution. We make no claims about them.