Last updated on 2024-07-27 15:50:11 CEST.
Flavor | Version | Tinstall | Tcheck | Ttotal | Status | Flags |
---|---|---|---|---|---|---|
r-devel-linux-x86_64-debian-clang | 1.0.4 | 13.49 | 95.21 | 108.70 | OK | |
r-devel-linux-x86_64-debian-gcc | 1.0.4 | OK | ||||
r-devel-linux-x86_64-fedora-clang | 1.0.4 | 139.40 | NOTE | |||
r-devel-linux-x86_64-fedora-gcc | 1.0.4 | 383.87 | NOTE | |||
r-devel-windows-x86_64 | 1.0.4 | 14.00 | 91.00 | 105.00 | OK | |
r-patched-linux-x86_64 | 1.0.4 | OK | ||||
r-release-linux-x86_64 | 1.0.4 | 11.13 | 94.00 | 105.13 | OK | |
r-release-macos-arm64 | 1.0.4 | 95.00 | OK | |||
r-release-macos-x86_64 | 1.0.4 | 167.00 | OK | |||
r-release-windows-x86_64 | 1.0.4 | 12.00 | 90.00 | 102.00 | OK | |
r-oldrel-macos-arm64 | 1.0.4 | 99.00 | OK | |||
r-oldrel-macos-x86_64 | 1.0.4 | 191.00 | OK | |||
r-oldrel-windows-x86_64 | 1.0.4 | 15.00 | 105.00 | 120.00 | OK |
Version: 1.0.4
Check: dependencies in R code
Result: NOTE
Namespace in Imports field not imported from: ‘knitr’
All declared Imports should be used.
Flavors: r-devel-linux-x86_64-fedora-clang, r-devel-linux-x86_64-fedora-gcc
These binaries (installable software) and packages are in development.
They may not be fully stable and should be used with caution. We make no claims about them.