CRAN Package Check Results for Package AssetCorr

Last updated on 2025-05-01 17:55:57 CEST.

Flavor Version Tinstall Tcheck Ttotal Status Flags
r-devel-linux-x86_64-debian-clang 1.0.4 11.23 82.93 94.16 NOTE
r-devel-linux-x86_64-debian-gcc 1.0.4 7.40 54.17 61.57 NOTE
r-devel-linux-x86_64-fedora-clang 1.0.4 137.11 NOTE
r-devel-linux-x86_64-fedora-gcc 1.0.4 419.69 NOTE
r-devel-windows-x86_64 1.0.4 12.00 96.00 108.00 OK
r-patched-linux-x86_64 1.0.4 10.24 73.60 83.84 OK
r-release-linux-x86_64 OK
r-release-macos-arm64 1.0.4 147.00 OK
r-release-macos-x86_64 1.0.4 210.00 OK
r-release-windows-x86_64 1.0.4 13.00 97.00 110.00 OK
r-oldrel-macos-arm64 1.0.4 95.00 OK
r-oldrel-macos-x86_64 1.0.4 167.00 OK
r-oldrel-windows-x86_64 1.0.4 17.00 120.00 137.00 OK

Check Details

Version: 1.0.4
Check: CRAN incoming feasibility
Result: NOTE Maintainer: ‘Maximilian Nagl <maximilian.nagl@ur.de>’ No Authors@R field in DESCRIPTION. Please add one, modifying Authors@R: c(person(given = "Maximilian", family = "Nagl", role = c("aut", "cre"), email = "maximilian.nagl@ur.de"), person(given = "Yevhen", family = "Havrylenko", role = "aut"), person(given = "Marius", family = "Pfeuffer", role = "aut"), person(given = "Kevin", family = "Jakob", role = "aut"), person(given = "Matthias", family = "Fischer", role = "aut"), person(given = "Daniel", family = "Roesch", role = "aut")) as necessary. Flavors: r-devel-linux-x86_64-debian-clang, r-devel-linux-x86_64-debian-gcc

Version: 1.0.4
Check: dependencies in R code
Result: NOTE Namespace in Imports field not imported from: ‘knitr’ All declared Imports should be used. Flavors: r-devel-linux-x86_64-fedora-clang, r-devel-linux-x86_64-fedora-gcc

These binaries (installable software) and packages are in development.
They may not be fully stable and should be used with caution. We make no claims about them.