Last updated on 2025-02-16 10:50:41 CET.
Flavor | Version | Tinstall | Tcheck | Ttotal | Status | Flags |
---|---|---|---|---|---|---|
r-devel-linux-x86_64-debian-clang | 1.0-3 | 3.60 | 35.10 | 38.70 | NOTE | |
r-devel-linux-x86_64-debian-gcc | 1.0-3 | 2.41 | 26.27 | 28.68 | NOTE | |
r-devel-linux-x86_64-fedora-clang | 1.0-3 | 65.80 | NOTE | |||
r-devel-linux-x86_64-fedora-gcc | 1.0-3 | 58.66 | NOTE | |||
r-devel-macos-arm64 | 1.0-3 | 19.00 | NOTE | |||
r-devel-macos-x86_64 | 1.0-3 | 38.00 | NOTE | |||
r-devel-windows-x86_64 | 1.0-3 | 5.00 | 52.00 | 57.00 | NOTE | |
r-patched-linux-x86_64 | 1.0-3 | 3.63 | 33.18 | 36.81 | NOTE | |
r-release-linux-x86_64 | 1.0-3 | 2.67 | 33.84 | 36.51 | NOTE | |
r-release-macos-arm64 | 1.0-3 | 24.00 | NOTE | |||
r-release-macos-x86_64 | 1.0-3 | 31.00 | NOTE | |||
r-release-windows-x86_64 | 1.0-3 | 5.00 | 63.00 | 68.00 | NOTE | |
r-oldrel-macos-arm64 | 1.0-3 | 23.00 | OK | |||
r-oldrel-macos-x86_64 | 1.0-3 | 34.00 | OK | |||
r-oldrel-windows-x86_64 | 1.0-3 | 5.00 | 77.00 | 82.00 | OK |
Version: 1.0-3
Check: Rd files
Result: NOTE
checkRd: (-1) plot.AssetPricing.Rd:199-200: Lost braces
199 | yakka. (Note that \code{flap} stands for dQuote{function list
| ^
Flavors: r-devel-linux-x86_64-debian-clang, r-devel-linux-x86_64-debian-gcc, r-devel-linux-x86_64-fedora-clang, r-devel-linux-x86_64-fedora-gcc, r-devel-macos-arm64, r-devel-macos-x86_64, r-devel-windows-x86_64, r-patched-linux-x86_64, r-release-linux-x86_64, r-release-macos-arm64, r-release-macos-x86_64, r-release-windows-x86_64
These binaries (installable software) and packages are in development.
They may not be fully stable and should be used with caution. We make no claims about them.