Last updated on 2025-02-16 10:50:41 CET.
Flavor | Version | Tinstall | Tcheck | Ttotal | Status | Flags |
---|---|---|---|---|---|---|
r-devel-linux-x86_64-debian-clang | 1.0-1 | 11.17 | 81.85 | 93.02 | NOTE | |
r-devel-linux-x86_64-debian-gcc | 1.0-1 | 7.58 | 57.05 | 64.63 | NOTE | |
r-devel-linux-x86_64-fedora-clang | 1.0-1 | 154.43 | OK | |||
r-devel-linux-x86_64-fedora-gcc | 1.0-1 | 138.09 | OK | |||
r-devel-macos-arm64 | 1.0-1 | 45.00 | OK | |||
r-devel-macos-x86_64 | 1.0-1 | 94.00 | OK | |||
r-devel-windows-x86_64 | 1.0-1 | 11.00 | 88.00 | 99.00 | NOTE | |
r-patched-linux-x86_64 | 1.0-1 | 13.73 | 76.11 | 89.84 | OK | |
r-release-linux-x86_64 | 1.0-1 | 9.34 | 76.42 | 85.76 | OK | |
r-release-macos-arm64 | 1.0-1 | 39.00 | OK | |||
r-release-macos-x86_64 | 1.0-1 | 63.00 | OK | |||
r-release-windows-x86_64 | 1.0-1 | 11.00 | 88.00 | 99.00 | OK | |
r-oldrel-macos-arm64 | 1.0-1 | 47.00 | OK | |||
r-oldrel-macos-x86_64 | 1.0-1 | 71.00 | OK | |||
r-oldrel-windows-x86_64 | 1.0-1 | 14.00 | 113.00 | 127.00 | OK |
Version: 1.0-1
Check: Rd cross-references
Result: NOTE
Found the following Rd file(s) with Rd \link{} targets missing package
anchors:
nmax3.Rd: pmvnorm
Please provide package anchors for all Rd \link{} targets not in the
package itself and the base packages.
Flavors: r-devel-linux-x86_64-debian-clang, r-devel-linux-x86_64-debian-gcc, r-devel-windows-x86_64
These binaries (installable software) and packages are in development.
They may not be fully stable and should be used with caution. We make no claims about them.