CRAN Package Check Results for Package AssocTests

Last updated on 2025-05-01 17:55:57 CEST.

Flavor Version Tinstall Tcheck Ttotal Status Flags
r-devel-linux-x86_64-debian-clang 1.0-1 11.20 82.29 93.49 NOTE
r-devel-linux-x86_64-debian-gcc 1.0-1 7.21 58.75 65.96 NOTE
r-devel-linux-x86_64-fedora-clang 1.0-1 151.87 OK
r-devel-linux-x86_64-fedora-gcc 1.0-1 150.91 OK
r-devel-windows-x86_64 1.0-1 11.00 92.00 103.00 NOTE
r-patched-linux-x86_64 1.0-1 10.41 78.99 89.40 NOTE
r-release-linux-x86_64 NOTE
r-release-macos-arm64 1.0-1 47.00 OK
r-release-macos-x86_64 1.0-1 89.00 OK
r-release-windows-x86_64 1.0-1 11.00 95.00 106.00 NOTE
r-oldrel-macos-arm64 1.0-1 39.00 OK
r-oldrel-macos-x86_64 1.0-1 63.00 OK
r-oldrel-windows-x86_64 1.0-1 14.00 109.00 123.00 OK

Check Details

Version: 1.0-1
Check: CRAN incoming feasibility
Result: NOTE Maintainer: ‘Lin Wang <wanglin2009@amss.ac.cn>’ No Authors@R field in DESCRIPTION. Please add one, modifying Authors@R: c(person(given = "Lin", family = "Wang", role = c("aut", "cre"), email = "wanglin2009@amss.ac.cn"), person(given = "Wei", family = "Zhang", role = "aut"), person(given = "Qizhai", family = "Li", role = "aut"), person(given = "Weicheng", family = "Zhu", role = "ctb")) as necessary. Flavors: r-devel-linux-x86_64-debian-clang, r-devel-linux-x86_64-debian-gcc

Version: 1.0-1
Check: Rd cross-references
Result: NOTE Found the following Rd file(s) with Rd \link{} targets missing package anchors: nmax3.Rd: pmvnorm Please provide package anchors for all Rd \link{} targets not in the package itself and the base packages. Flavors: r-devel-linux-x86_64-debian-clang, r-devel-linux-x86_64-debian-gcc, r-devel-windows-x86_64, r-patched-linux-x86_64, r-release-linux-x86_64, r-release-windows-x86_64

These binaries (installable software) and packages are in development.
They may not be fully stable and should be used with caution. We make no claims about them.