Last updated on 2024-07-27 15:50:11 CEST.
Flavor | Version | Tinstall | Tcheck | Ttotal | Status | Flags |
---|---|---|---|---|---|---|
r-devel-linux-x86_64-debian-clang | 1.0.1 | 6.41 | 45.34 | 51.75 | OK | |
r-devel-linux-x86_64-debian-gcc | 1.0.1 | OK | ||||
r-devel-linux-x86_64-fedora-clang | 1.0.1 | 65.29 | NOTE | |||
r-devel-linux-x86_64-fedora-gcc | 1.0.1 | 58.82 | NOTE | |||
r-devel-windows-x86_64 | 1.0.1 | 7.00 | 58.00 | 65.00 | OK | |
r-patched-linux-x86_64 | 1.0.1 | OK | ||||
r-release-linux-x86_64 | 1.0.1 | 3.98 | 43.59 | 47.57 | OK | |
r-release-macos-arm64 | 1.0.1 | 38.00 | OK | |||
r-release-macos-x86_64 | 1.0.1 | 43.00 | OK | |||
r-release-windows-x86_64 | 1.0.1 | 6.00 | 58.00 | 64.00 | OK | |
r-oldrel-macos-arm64 | 1.0.1 | 30.00 | OK | |||
r-oldrel-macos-x86_64 | 1.0.1 | 41.00 | OK | |||
r-oldrel-windows-x86_64 | 1.0.1 | 8.00 | 66.00 | 74.00 | OK |
Version: 1.0.1
Check: dependencies in R code
Result: NOTE
Namespaces in Imports field not imported from:
‘DT’ ‘lubridate’ ‘openair’ ‘plotly’
All declared Imports should be used.
Flavors: r-devel-linux-x86_64-fedora-clang, r-devel-linux-x86_64-fedora-gcc
These binaries (installable software) and packages are in development.
They may not be fully stable and should be used with caution. We make no claims about them.