Last updated on 2025-02-21 18:52:03 CET.
Flavor | Version | Tinstall | Tcheck | Ttotal | Status | Flags |
---|---|---|---|---|---|---|
r-devel-linux-x86_64-debian-clang | 0.1.6 | 19.04 | 160.55 | 179.59 | OK | |
r-devel-linux-x86_64-debian-gcc | 0.1.6 | 13.96 | 112.13 | 126.09 | OK | |
r-devel-linux-x86_64-fedora-clang | 0.1.6 | 301.81 | OK | |||
r-devel-linux-x86_64-fedora-gcc | 0.1.6 | 282.53 | OK | |||
r-devel-macos-arm64 | 0.1.6 | 4.00 | ERROR | |||
r-devel-macos-x86_64 | 0.1.6 | 173.00 | OK | |||
r-devel-windows-x86_64 | 0.1.6 | 20.00 | 136.00 | 156.00 | OK | |
r-patched-linux-x86_64 | 0.1.6 | 19.52 | 144.82 | 164.34 | OK | |
r-release-linux-x86_64 | 0.1.6 | 18.80 | 144.01 | 162.81 | OK | |
r-release-macos-arm64 | 0.1.6 | 73.00 | OK | |||
r-release-macos-x86_64 | 0.1.6 | 113.00 | OK | |||
r-release-windows-x86_64 | 0.1.6 | 20.00 | 139.00 | 159.00 | OK | |
r-oldrel-macos-arm64 | 0.1.6 | 6.00 | ERROR | |||
r-oldrel-macos-x86_64 | 0.1.6 | 134.00 | OK | |||
r-oldrel-windows-x86_64 | 0.1.6 | 27.00 | 187.00 | 214.00 | OK |
Version: 0.1.6
Check: package dependencies
Result: ERROR
Package required but not available: ‘org.Hs.eg.db’
See section ‘The DESCRIPTION file’ in the ‘Writing R Extensions’
manual.
Flavor: r-devel-macos-arm64
Version: 0.1.6
Check: package dependencies
Result: ERROR
Packages required but not available: 'siggenes', 'clusterProfiler'
See section ‘The DESCRIPTION file’ in the ‘Writing R Extensions’
manual.
Flavor: r-oldrel-macos-arm64
These binaries (installable software) and packages are in development.
They may not be fully stable and should be used with caution. We make no claims about them.