Last updated on 2025-05-22 03:50:30 CEST.
Flavor | Version | Tinstall | Tcheck | Ttotal | Status | Flags |
---|---|---|---|---|---|---|
r-devel-linux-x86_64-debian-clang | 0.1.6 | 18.70 | 159.98 | 178.68 | OK | |
r-devel-linux-x86_64-debian-gcc | 0.1.6 | 13.40 | 109.09 | 122.49 | OK | |
r-devel-linux-x86_64-fedora-clang | 0.1.6 | 300.06 | OK | |||
r-devel-linux-x86_64-fedora-gcc | 0.1.6 | 260.58 | OK | |||
r-devel-windows-x86_64 | 0.1.6 | 20.00 | 156.00 | 176.00 | OK | |
r-patched-linux-x86_64 | 0.1.6 | 19.31 | 147.18 | 166.49 | OK | |
r-release-linux-x86_64 | 0.1.6 | 18.34 | 149.13 | 167.47 | OK | |
r-release-macos-arm64 | 0.1.6 | 5.00 | ERROR | |||
r-release-macos-x86_64 | 0.1.6 | 173.00 | OK | |||
r-release-windows-x86_64 | 0.1.6 | 21.00 | 178.00 | 199.00 | OK | |
r-oldrel-macos-arm64 | 0.1.6 | 73.00 | OK | |||
r-oldrel-macos-x86_64 | 0.1.6 | 113.00 | OK | |||
r-oldrel-windows-x86_64 | 0.1.6 | 27.00 | 181.00 | 208.00 | OK |
Version: 0.1.6
Check: package dependencies
Result: ERROR
Package required but not available: ‘org.Hs.eg.db’
See section ‘The DESCRIPTION file’ in the ‘Writing R Extensions’
manual.
Flavor: r-release-macos-arm64
These binaries (installable software) and packages are in development.
They may not be fully stable and should be used with caution. We make no claims about them.