Last updated on 2025-07-26 00:48:58 CEST.
Flavor | Version | Tinstall | Tcheck | Ttotal | Status | Flags |
---|---|---|---|---|---|---|
r-devel-linux-x86_64-debian-clang | 0.1.6 | 17.93 | 162.31 | 180.24 | OK | |
r-devel-linux-x86_64-debian-gcc | 0.1.6 | 14.05 | 112.76 | 126.81 | OK | |
r-devel-linux-x86_64-fedora-clang | 0.1.6 | 286.41 | OK | |||
r-devel-linux-x86_64-fedora-gcc | 0.1.6 | 267.99 | OK | |||
r-devel-windows-x86_64 | 0.1.6 | 19.00 | 147.00 | 166.00 | OK | |
r-patched-linux-x86_64 | 0.1.6 | 18.54 | 148.35 | 166.89 | OK | |
r-release-linux-x86_64 | 0.1.6 | 18.71 | 148.98 | 167.69 | OK | |
r-release-macos-arm64 | 0.1.6 | 5.00 | ERROR | |||
r-release-macos-x86_64 | 0.1.6 | 173.00 | OK | |||
r-release-windows-x86_64 | 0.1.6 | 19.00 | 140.00 | 159.00 | OK | |
r-oldrel-macos-arm64 | 0.1.6 | 73.00 | OK | |||
r-oldrel-macos-x86_64 | 0.1.6 | 113.00 | OK | |||
r-oldrel-windows-x86_64 | 0.1.6 | 27.00 | 186.00 | 213.00 | OK |
Version: 0.1.6
Check: package dependencies
Result: ERROR
Package required but not available: ‘org.Hs.eg.db’
See section ‘The DESCRIPTION file’ in the ‘Writing R Extensions’
manual.
Flavor: r-release-macos-arm64
These binaries (installable software) and packages are in development.
They may not be fully stable and should be used with caution. We make no claims about them.