Last updated on 2025-02-23 09:51:02 CET.
Flavor | Version | Tinstall | Tcheck | Ttotal | Status | Flags |
---|---|---|---|---|---|---|
r-devel-linux-x86_64-debian-clang | 0.2.0 | 14.55 | 100.27 | 114.82 | OK | |
r-devel-linux-x86_64-debian-gcc | 0.2.0 | 11.61 | 70.73 | 82.34 | OK | |
r-devel-linux-x86_64-fedora-clang | 0.2.0 | 178.01 | OK | |||
r-devel-linux-x86_64-fedora-gcc | 0.2.0 | 172.85 | OK | |||
r-devel-macos-arm64 | 0.2.0 | 53.00 | OK | |||
r-devel-macos-x86_64 | 0.2.0 | 142.00 | OK | |||
r-devel-windows-x86_64 | 0.2.0 | 15.00 | 99.00 | 114.00 | OK | |
r-patched-linux-x86_64 | 0.2.0 | 13.65 | 91.91 | 105.56 | NOTE | |
r-release-linux-x86_64 | 0.2.0 | 13.29 | 92.11 | 105.40 | NOTE | |
r-release-macos-arm64 | 0.2.0 | 50.00 | NOTE | |||
r-release-macos-x86_64 | 0.2.0 | 75.00 | NOTE | |||
r-release-windows-x86_64 | 0.2.0 | 14.00 | 99.00 | 113.00 | NOTE | |
r-oldrel-macos-arm64 | 0.2.0 | 50.00 | NOTE | |||
r-oldrel-macos-x86_64 | 0.2.0 | 89.00 | NOTE | |||
r-oldrel-windows-x86_64 | 0.2.0 | 18.00 | 126.00 | 144.00 | NOTE |
Version: 0.2.0
Check: LazyData
Result: NOTE
'LazyData' is specified without a 'data' directory
Flavors: r-patched-linux-x86_64, r-release-linux-x86_64, r-release-macos-arm64, r-release-macos-x86_64, r-release-windows-x86_64, r-oldrel-macos-arm64, r-oldrel-macos-x86_64, r-oldrel-windows-x86_64
These binaries (installable software) and packages are in development.
They may not be fully stable and should be used with caution. We make no claims about them.