Last updated on 2025-10-03 01:49:39 CEST.
Flavor | Version | Tinstall | Tcheck | Ttotal | Status | Flags |
---|---|---|---|---|---|---|
r-devel-linux-x86_64-debian-clang | 1.0.2 | 5.80 | 54.00 | 59.80 | OK | |
r-devel-linux-x86_64-debian-gcc | 1.0.2 | 3.67 | 287.64 | 291.31 | OK | |
r-devel-linux-x86_64-fedora-clang | 1.0.2 | 91.31 | OK | |||
r-devel-linux-x86_64-fedora-gcc | 1.0.2 | 101.33 | OK | |||
r-devel-windows-x86_64 | 1.0.2 | 10.00 | 77.00 | 87.00 | OK | |
r-patched-linux-x86_64 | 1.0.2 | 5.39 | 0.01 | 5.40 | FAIL | |
r-release-linux-x86_64 | 1.0.2 | 5.21 | 285.44 | 290.65 | OK | |
r-release-macos-arm64 | 1.0.2 | 40.00 | OK | |||
r-release-macos-x86_64 | 1.0.2 | 189.00 | OK | |||
r-release-windows-x86_64 | 1.0.2 | 7.00 | 111.00 | 118.00 | OK | |
r-oldrel-macos-arm64 | 1.0.2 | 51.00 | OK | |||
r-oldrel-macos-x86_64 | 1.0.2 | 65.00 | OK | |||
r-oldrel-windows-x86_64 | 1.0.2 | 11.00 | 87.00 | 98.00 | OK |
Version: 1.0.2
Check: tests
Result: FAIL
Flavor: r-patched-linux-x86_64
These binaries (installable software) and packages are in development.
They may not be fully stable and should be used with caution. We make no claims about them.