CRAN Package Check Results for Package AutoWeatherIndices

Last updated on 2025-02-16 10:50:41 CET.

Flavor Version Tinstall Tcheck Ttotal Status Flags
r-devel-linux-x86_64-debian-clang 0.1.0 1.87 16.02 17.89 OK
r-devel-linux-x86_64-debian-gcc 0.1.0 1.38 12.94 14.32 OK
r-devel-linux-x86_64-fedora-clang 0.1.0 29.96 NOTE
r-devel-linux-x86_64-fedora-gcc 0.1.0 27.52 NOTE
r-devel-macos-arm64 0.1.0 15.00 OK
r-devel-macos-x86_64 0.1.0 21.00 OK
r-devel-windows-x86_64 0.1.0 3.00 37.00 40.00 OK
r-patched-linux-x86_64 0.1.0 1.83 15.44 17.27 OK
r-release-linux-x86_64 0.1.0 1.53 15.54 17.07 OK
r-release-macos-arm64 0.1.0 17.00 OK
r-release-macos-x86_64 0.1.0 24.00 OK
r-release-windows-x86_64 0.1.0 4.00 39.00 43.00 OK
r-oldrel-macos-arm64 0.1.0 14.00 OK
r-oldrel-macos-x86_64 0.1.0 18.00 OK
r-oldrel-windows-x86_64 0.1.0 4.00 58.00 62.00 OK

Check Details

Version: 0.1.0
Check: dependencies in R code
Result: NOTE Namespace in Imports field not imported from: ‘Hmisc’ All declared Imports should be used. Flavors: r-devel-linux-x86_64-fedora-clang, r-devel-linux-x86_64-fedora-gcc

These binaries (installable software) and packages are in development.
They may not be fully stable and should be used with caution. We make no claims about them.