Last updated on 2025-11-11 17:49:52 CET.
| Flavor | Version | Tinstall | Tcheck | Ttotal | Status | Flags |
|---|---|---|---|---|---|---|
| r-devel-linux-x86_64-debian-clang | 1.0 | 1.44 | 18.72 | 20.16 | OK | |
| r-devel-linux-x86_64-debian-gcc | 1.0 | 1.25 | 15.20 | 16.45 | OK | |
| r-devel-linux-x86_64-fedora-clang | 1.0 | 29.51 | OK | |||
| r-devel-linux-x86_64-fedora-gcc | 1.0 | 27.78 | OK | |||
| r-devel-windows-x86_64 | 1.0 | 2.00 | 35.00 | 37.00 | OK | |
| r-patched-linux-x86_64 | 1.0 | 1.36 | 17.40 | 18.76 | OK | |
| r-release-linux-x86_64 | 1.0 | 1.60 | 17.40 | 19.00 | OK | |
| r-release-macos-arm64 | 1.0 | 1.00 | 13.00 | 14.00 | OK | |
| r-release-macos-x86_64 | 1.0 | 2.00 | 25.00 | 27.00 | OK | |
| r-release-windows-x86_64 | 1.0 | 2.00 | 35.00 | 37.00 | OK | |
| r-oldrel-macos-arm64 | 1.0 | 1.00 | 16.00 | 17.00 | NOTE | |
| r-oldrel-macos-x86_64 | 1.0 | 1.00 | 17.00 | 18.00 | NOTE | |
| r-oldrel-windows-x86_64 | 1.0 | 4.00 | 34.00 | 38.00 | NOTE |
Version: 1.0
Check: LazyData
Result: NOTE
'LazyData' is specified without a 'data' directory
Flavors: r-oldrel-macos-arm64, r-oldrel-macos-x86_64, r-oldrel-windows-x86_64
These binaries (installable software) and packages are in development.
They may not be fully stable and should be used with caution. We make no claims about them.