CRAN Package Check Results for Package AutoregressionMDE

Last updated on 2025-05-08 04:51:59 CEST.

Flavor Version Tinstall Tcheck Ttotal Status Flags
r-devel-linux-x86_64-debian-clang 1.0 1.48 17.13 18.61 OK
r-devel-linux-x86_64-debian-gcc 1.0 1.34 14.29 15.63 OK
r-devel-linux-x86_64-fedora-clang 1.0 30.08 OK
r-devel-linux-x86_64-fedora-gcc 1.0 27.59 OK
r-devel-windows-x86_64 1.0 2.00 36.00 38.00 OK
r-patched-linux-x86_64 1.0 1.64 16.26 17.90 OK
r-release-linux-x86_64 1.0 1.42 16.29 17.71 OK
r-release-macos-arm64 1.0 14.00 OK
r-release-macos-x86_64 1.0 27.00 OK
r-release-windows-x86_64 1.0 2.00 37.00 39.00 OK
r-oldrel-macos-arm64 1.0 17.00 NOTE
r-oldrel-macos-x86_64 1.0 18.00 NOTE
r-oldrel-windows-x86_64 1.0 4.00 34.00 38.00 NOTE

Check Details

Version: 1.0
Check: LazyData
Result: NOTE 'LazyData' is specified without a 'data' directory Flavors: r-oldrel-macos-arm64, r-oldrel-macos-x86_64, r-oldrel-windows-x86_64

These binaries (installable software) and packages are in development.
They may not be fully stable and should be used with caution. We make no claims about them.