CRAN Package Check Results for Package AzureContainers

Last updated on 2025-05-08 04:51:59 CEST.

Flavor Version Tinstall Tcheck Ttotal Status Flags
r-devel-linux-x86_64-debian-clang 1.3.3 6.60 35.83 42.43 OK
r-devel-linux-x86_64-debian-gcc 1.3.3 4.05 28.17 32.22 OK
r-devel-linux-x86_64-fedora-clang 1.3.3 68.17 NOTE
r-devel-linux-x86_64-fedora-gcc 1.3.3 78.29 NOTE
r-devel-windows-x86_64 1.3.3 8.00 65.00 73.00 OK
r-patched-linux-x86_64 1.3.3 7.12 32.80 39.92 OK
r-release-linux-x86_64 1.3.3 6.61 33.06 39.67 OK
r-release-macos-arm64 1.3.3 30.00 OK
r-release-macos-x86_64 1.3.3 56.00 OK
r-release-windows-x86_64 1.3.3 9.00 62.00 71.00 OK
r-oldrel-macos-arm64 1.3.3 38.00 OK
r-oldrel-macos-x86_64 1.3.3 64.00 OK
r-oldrel-windows-x86_64 1.3.3 11.00 68.00 79.00 OK

Check Details

Version: 1.3.3
Check: dependencies in R code
Result: NOTE Namespace in Imports field not imported from: ‘openssl’ All declared Imports should be used. Flavors: r-devel-linux-x86_64-fedora-clang, r-devel-linux-x86_64-fedora-gcc

These binaries (installable software) and packages are in development.
They may not be fully stable and should be used with caution. We make no claims about them.