Last updated on 2025-11-12 19:51:42 CET.
| Flavor | Version | Tinstall | Tcheck | Ttotal | Status | Flags |
|---|---|---|---|---|---|---|
| r-devel-linux-x86_64-debian-clang | 1.3.3 | 6.38 | 38.19 | 44.57 | OK | |
| r-devel-linux-x86_64-debian-gcc | 1.3.3 | 5.22 | 29.96 | 35.18 | OK | |
| r-devel-linux-x86_64-fedora-clang | 1.3.3 | 15.00 | 53.20 | 68.20 | NOTE | |
| r-devel-linux-x86_64-fedora-gcc | 1.3.3 | 14.00 | 67.74 | 81.74 | NOTE | |
| r-devel-windows-x86_64 | 1.3.3 | 9.00 | 67.00 | 76.00 | OK | |
| r-patched-linux-x86_64 | 1.3.3 | 7.67 | 35.14 | 42.81 | OK | |
| r-release-linux-x86_64 | 1.3.3 | 5.68 | 34.99 | 40.67 | OK | |
| r-release-macos-arm64 | 1.3.3 | 3.00 | 27.00 | 30.00 | OK | |
| r-release-macos-x86_64 | 1.3.3 | 5.00 | 51.00 | 56.00 | OK | |
| r-release-windows-x86_64 | 1.3.3 | 9.00 | 63.00 | 72.00 | OK | |
| r-oldrel-macos-arm64 | 1.3.3 | 3.00 | 35.00 | 38.00 | OK | |
| r-oldrel-macos-x86_64 | 1.3.3 | 4.00 | 60.00 | 64.00 | OK | |
| r-oldrel-windows-x86_64 | 1.3.3 | 11.00 | 69.00 | 80.00 | OK |
Version: 1.3.3
Check: dependencies in R code
Result: NOTE
Namespace in Imports field not imported from: ‘openssl’
All declared Imports should be used.
Flavors: r-devel-linux-x86_64-fedora-clang, r-devel-linux-x86_64-fedora-gcc
These binaries (installable software) and packages are in development.
They may not be fully stable and should be used with caution. We make no claims about them.