CRAN Package Check Results for Package AzureGraph

Last updated on 2025-02-16 12:53:29 CET.

Flavor Version Tinstall Tcheck Ttotal Status Flags
r-devel-linux-x86_64-debian-clang 1.3.4 9.93 32.87 42.80 NOTE
r-devel-linux-x86_64-debian-gcc 1.3.4 5.98 25.14 31.12 NOTE
r-devel-linux-x86_64-fedora-clang 1.3.4 77.77 NOTE
r-devel-linux-x86_64-fedora-gcc 1.3.4 83.39 NOTE
r-devel-macos-arm64 1.3.4 37.00 OK
r-devel-macos-x86_64 1.3.4 62.00 OK
r-devel-windows-x86_64 1.3.4 10.00 59.00 69.00 NOTE
r-patched-linux-x86_64 1.3.4 11.61 31.66 43.27 OK
r-release-linux-x86_64 1.3.4 9.14 31.46 40.60 OK
r-release-macos-arm64 1.3.4 32.00 OK
r-release-macos-x86_64 1.3.4 51.00 OK
r-release-windows-x86_64 1.3.4 11.00 59.00 70.00 OK
r-oldrel-macos-arm64 1.3.4 45.00 OK
r-oldrel-macos-x86_64 1.3.4 58.00 OK
r-oldrel-windows-x86_64 1.3.4 13.00 58.00 71.00 OK

Check Details

Version: 1.3.4
Check: Rd cross-references
Result: NOTE Found the following Rd file(s) with Rd \link{} targets missing package anchors: call_batch_endpoint.Rd: AzureToken call_graph.Rd: AzureToken graph_login.Rd: get_azure_token ms_graph.Rd: get_azure_token Please provide package anchors for all Rd \link{} targets not in the package itself and the base packages. Flavors: r-devel-linux-x86_64-debian-clang, r-devel-linux-x86_64-debian-gcc, r-devel-windows-x86_64

Version: 1.3.4
Check: dependencies in R code
Result: NOTE Namespace in Imports field not imported from: ‘curl’ All declared Imports should be used. Flavors: r-devel-linux-x86_64-fedora-clang, r-devel-linux-x86_64-fedora-gcc

These binaries (installable software) and packages are in development.
They may not be fully stable and should be used with caution. We make no claims about them.