CRAN Package Check Results for Package AzureKeyVault

Last updated on 2025-10-03 01:49:39 CEST.

Flavor Version Tinstall Tcheck Ttotal Status Flags
r-devel-linux-x86_64-debian-clang 1.0.6 7.75 31.72 39.47 OK
r-devel-linux-x86_64-debian-gcc 1.0.6 6.15 25.10 31.25 OK
r-devel-linux-x86_64-fedora-clang 1.0.6 60.37 NOTE
r-devel-linux-x86_64-fedora-gcc 1.0.6 71.67 NOTE
r-devel-windows-x86_64 1.0.6 11.00 55.00 66.00 OK
r-patched-linux-x86_64 1.0.6 10.04 28.76 38.80 OK
r-release-linux-x86_64 1.0.6 8.96 29.20 38.16 OK
r-release-macos-arm64 1.0.6 28.00 OK
r-release-macos-x86_64 1.0.6 51.00 OK
r-release-windows-x86_64 1.0.6 10.00 54.00 64.00 OK
r-oldrel-macos-arm64 1.0.6 35.00 OK
r-oldrel-macos-x86_64 1.0.6 52.00 OK
r-oldrel-windows-x86_64 1.0.6 16.00 65.00 81.00 OK

Check Details

Version: 1.0.6
Check: dependencies in R code
Result: NOTE Namespaces in Imports field not imported from: ‘R6’ ‘jose’ ‘openssl’ All declared Imports should be used. Flavors: r-devel-linux-x86_64-fedora-clang, r-devel-linux-x86_64-fedora-gcc

These binaries (installable software) and packages are in development.
They may not be fully stable and should be used with caution. We make no claims about them.