CRAN Package Check Results for Package AzureQstor

Last updated on 2025-05-23 05:52:22 CEST.

Flavor Version Tinstall Tcheck Ttotal Status Flags
r-devel-linux-x86_64-debian-clang 1.0.2 3.49 25.80 29.29 OK
r-devel-linux-x86_64-debian-gcc 1.0.2 2.33 21.12 23.45 OK
r-devel-linux-x86_64-fedora-clang 1.0.2 47.91 NOTE
r-devel-linux-x86_64-fedora-gcc 1.0.2 57.37 NOTE
r-devel-windows-x86_64 1.0.2 7.00 52.00 59.00 OK
r-patched-linux-x86_64 1.0.2 2.75 23.90 26.65 OK
r-release-linux-x86_64 1.0.2 3.56 24.14 27.70 OK
r-release-macos-arm64 1.0.2 29.00 OK
r-release-macos-x86_64 1.0.2 61.00 OK
r-release-windows-x86_64 1.0.2 5.00 51.00 56.00 OK
r-oldrel-macos-arm64 1.0.2 31.00 OK
r-oldrel-macos-x86_64 1.0.2 54.00 OK
r-oldrel-windows-x86_64 1.0.2 6.00 50.00 56.00 OK

Check Details

Version: 1.0.2
Check: dependencies in R code
Result: NOTE Namespaces in Imports field not imported from: ‘httr’ ‘openssl’ All declared Imports should be used. Flavors: r-devel-linux-x86_64-fedora-clang, r-devel-linux-x86_64-fedora-gcc

These binaries (installable software) and packages are in development.
They may not be fully stable and should be used with caution. We make no claims about them.