Last updated on 2025-10-25 11:48:27 CEST.
| Flavor | Version | Tinstall | Tcheck | Ttotal | Status | Flags |
|---|---|---|---|---|---|---|
| r-devel-linux-x86_64-debian-clang | 1.0 | 5.10 | 55.61 | 60.71 | OK | |
| r-devel-linux-x86_64-debian-gcc | 1.0 | 4.36 | 42.16 | 46.52 | OK | |
| r-devel-linux-x86_64-fedora-clang | 1.0 | 12.00 | 81.81 | 93.81 | OK | |
| r-devel-linux-x86_64-fedora-gcc | 1.0 | 13.00 | 77.00 | 90.00 | OK | |
| r-devel-windows-x86_64 | 1.0 | 8.00 | 66.00 | 74.00 | OK | |
| r-patched-linux-x86_64 | 1.0 | 5.72 | 52.34 | 58.06 | OK | |
| r-release-linux-x86_64 | 1.0 | 5.48 | 52.45 | 57.93 | OK | |
| r-release-macos-arm64 | 1.0 | 4.00 | 26.00 | 30.00 | OK | |
| r-release-macos-x86_64 | 1.0 | 8.00 | 58.00 | 66.00 | OK | |
| r-release-windows-x86_64 | 1.0 | 8.00 | 67.00 | 75.00 | OK | |
| r-oldrel-macos-arm64 | 1.0 | 3.00 | 22.00 | 25.00 | NOTE | |
| r-oldrel-macos-x86_64 | 1.0 | 7.00 | 40.00 | 47.00 | NOTE | |
| r-oldrel-windows-x86_64 | 1.0 | 10.00 | 83.00 | 93.00 | NOTE |
Version: 1.0
Check: LazyData
Result: NOTE
'LazyData' is specified without a 'data' directory
Flavors: r-oldrel-macos-arm64, r-oldrel-macos-x86_64, r-oldrel-windows-x86_64
These binaries (installable software) and packages are in development.
They may not be fully stable and should be used with caution. We make no claims about them.