CRAN Package Check Results for Package BACprior

Last updated on 2025-02-16 12:53:29 CET.

Flavor Version Tinstall Tcheck Ttotal Status Flags
r-devel-linux-x86_64-debian-clang 2.1.1 1.79 22.96 24.75 NOTE
r-devel-linux-x86_64-debian-gcc 2.1.1 1.55 17.80 19.35 NOTE
r-devel-linux-x86_64-fedora-clang 2.1.1 43.05 OK
r-devel-linux-x86_64-fedora-gcc 2.1.1 38.99 OK
r-devel-macos-arm64 2.1.1 17.00 OK
r-devel-macos-x86_64 2.1.1 26.00 OK
r-devel-windows-x86_64 2.1.1 3.00 46.00 49.00 NOTE
r-patched-linux-x86_64 2.1.1 2.28 21.47 23.75 OK
r-release-linux-x86_64 2.1.1 1.66 21.44 23.10 OK
r-release-macos-arm64 2.1.1 22.00 OK
r-release-macos-x86_64 2.1.1 23.00 OK
r-release-windows-x86_64 2.1.1 4.00 46.00 50.00 OK
r-oldrel-macos-arm64 2.1.1 18.00 OK
r-oldrel-macos-x86_64 2.1.1 37.00 OK
r-oldrel-windows-x86_64 2.1.1 3.00 51.00 54.00 OK

Check Details

Version: 2.1.1
Check: Rd cross-references
Result: NOTE Found the following Rd file(s) with Rd \link{} targets missing package anchors: BACprior.lm.Rd: regsubsets Please provide package anchors for all Rd \link{} targets not in the package itself and the base packages. Flavors: r-devel-linux-x86_64-debian-clang, r-devel-linux-x86_64-debian-gcc, r-devel-windows-x86_64

These binaries (installable software) and packages are in development.
They may not be fully stable and should be used with caution. We make no claims about them.