Last updated on 2025-10-25 09:49:24 CEST.
| Flavor | Version | Tinstall | Tcheck | Ttotal | Status | Flags |
|---|---|---|---|---|---|---|
| r-devel-linux-x86_64-debian-clang | 0.1.2 | 53.09 | 31.39 | 84.48 | OK | |
| r-devel-linux-x86_64-debian-gcc | 0.1.2 | 31.20 | 24.25 | 55.45 | OK | |
| r-devel-linux-x86_64-fedora-clang | 0.1.2 | 93.00 | 31.32 | 124.32 | OK | |
| r-devel-linux-x86_64-fedora-gcc | 0.1.2 | 77.00 | 49.68 | 126.68 | OK | |
| r-devel-windows-x86_64 | 0.1.2 | 48.00 | 71.00 | 119.00 | OK | |
| r-patched-linux-x86_64 | 0.1.2 | 45.79 | 29.99 | 75.78 | OK | |
| r-release-linux-x86_64 | 0.1.2 | 45.96 | 29.89 | 75.85 | OK | |
| r-release-macos-arm64 | 0.1.2 | 22.00 | 22.00 | 44.00 | OK | |
| r-release-macos-x86_64 | 0.1.2 | 41.00 | 28.00 | 69.00 | OK | |
| r-release-windows-x86_64 | 0.1.2 | 48.00 | 74.00 | 122.00 | OK | |
| r-oldrel-macos-arm64 | 0.1.2 | 18.00 | 22.00 | 40.00 | NOTE | |
| r-oldrel-macos-x86_64 | 0.1.2 | 43.00 | 62.00 | 105.00 | NOTE | |
| r-oldrel-windows-x86_64 | 0.1.2 | 59.00 | 88.00 | 147.00 | OK |
Version: 0.1.2
Check: installed package size
Result: NOTE
installed size is 6.5Mb
sub-directories of 1Mb or more:
libs 6.1Mb
Flavors: r-oldrel-macos-arm64, r-oldrel-macos-x86_64
These binaries (installable software) and packages are in development.
They may not be fully stable and should be used with caution. We make no claims about them.