Last updated on 2025-02-16 12:53:29 CET.
Flavor | Version | Tinstall | Tcheck | Ttotal | Status | Flags |
---|---|---|---|---|---|---|
r-devel-linux-x86_64-debian-clang | 1.7.5 | 13.95 | 137.11 | 151.06 | NOTE | |
r-devel-linux-x86_64-debian-gcc | 1.7.5 | 11.66 | 99.99 | 111.65 | NOTE | |
r-devel-linux-x86_64-fedora-clang | 1.7.5 | 271.69 | NOTE | |||
r-devel-linux-x86_64-fedora-gcc | 1.7.5 | 247.90 | NOTE | |||
r-devel-macos-arm64 | 1.7.5 | 82.00 | NOTE | |||
r-devel-macos-x86_64 | 1.7.5 | 150.00 | NOTE | |||
r-devel-windows-x86_64 | 1.7.5 | 26.00 | 178.00 | 204.00 | NOTE | |
r-patched-linux-x86_64 | 1.7.5 | 15.80 | 123.23 | 139.03 | OK | |
r-release-linux-x86_64 | 1.7.5 | 13.92 | 124.34 | 138.26 | OK | |
r-release-macos-arm64 | 1.7.5 | 91.00 | OK | |||
r-release-macos-x86_64 | 1.7.5 | 216.00 | OK | |||
r-release-windows-x86_64 | 1.7.5 | 28.00 | 175.00 | 203.00 | OK | |
r-oldrel-macos-arm64 | 1.7.5 | 89.00 | OK | |||
r-oldrel-macos-x86_64 | 1.7.5 | 183.00 | OK | |||
r-oldrel-windows-x86_64 | 1.7.5 | 28.00 | 222.00 | 250.00 | OK |
Version: 1.7.5
Check: compiled code
Result: NOTE
File ‘BAS/libs/BAS.so’:
Found non-API call to R: ‘SETLENGTH’
Compiled code should not call non-API entry points in R.
See ‘Writing portable packages’ in the ‘Writing R Extensions’ manual,
and section ‘Moving into C API compliance’ for issues with the use of
non-API entry points.
Flavors: r-devel-linux-x86_64-debian-clang, r-devel-linux-x86_64-debian-gcc, r-devel-linux-x86_64-fedora-clang, r-devel-linux-x86_64-fedora-gcc, r-devel-macos-arm64, r-devel-macos-x86_64
Version: 1.7.5
Check: compiled code
Result: NOTE
File 'BAS/libs/x64/BAS.dll':
Found non-API call to R: 'SETLENGTH'
Compiled code should not call non-API entry points in R.
See 'Writing portable packages' in the 'Writing R Extensions' manual,
and section 'Moving into C API compliance' for issues with the use of
non-API entry points.
Flavor: r-devel-windows-x86_64
These binaries (installable software) and packages are in development.
They may not be fully stable and should be used with caution. We make no claims about them.