Last updated on 2025-05-08 04:51:59 CEST.
Flavor | Version | Tinstall | Tcheck | Ttotal | Status | Flags |
---|---|---|---|---|---|---|
r-devel-linux-x86_64-debian-clang | 1.7.5 | 14.02 | 142.64 | 156.66 | NOTE | |
r-devel-linux-x86_64-debian-gcc | 1.7.5 | 11.65 | 101.27 | 112.92 | NOTE | |
r-devel-linux-x86_64-fedora-clang | 1.7.5 | 249.81 | NOTE | |||
r-devel-linux-x86_64-fedora-gcc | 1.7.5 | 247.57 | NOTE | |||
r-devel-windows-x86_64 | 1.7.5 | 28.00 | 180.00 | 208.00 | NOTE | |
r-patched-linux-x86_64 | 1.7.5 | 17.07 | 125.57 | 142.64 | NOTE | |
r-release-linux-x86_64 | 1.7.5 | 14.02 | 129.75 | 143.77 | NOTE | |
r-release-macos-arm64 | 1.7.5 | 99.00 | NOTE | |||
r-release-macos-x86_64 | 1.7.5 | 151.00 | NOTE | |||
r-release-windows-x86_64 | 1.7.5 | 29.00 | 177.00 | 206.00 | NOTE | |
r-oldrel-macos-arm64 | 1.7.5 | 91.00 | OK | |||
r-oldrel-macos-x86_64 | 1.7.5 | 216.00 | OK | |||
r-oldrel-windows-x86_64 | 1.7.5 | 32.00 | 211.00 | 243.00 | OK |
Version: 1.7.5
Check: compiled code
Result: NOTE
File ‘BAS/libs/BAS.so’:
Found non-API call to R: ‘SETLENGTH’
Compiled code should not call non-API entry points in R.
See ‘Writing portable packages’ in the ‘Writing R Extensions’ manual,
and section ‘Moving into C API compliance’ for issues with the use of
non-API entry points.
Flavors: r-devel-linux-x86_64-debian-clang, r-devel-linux-x86_64-debian-gcc, r-devel-linux-x86_64-fedora-clang, r-devel-linux-x86_64-fedora-gcc, r-patched-linux-x86_64, r-release-linux-x86_64, r-release-macos-arm64, r-release-macos-x86_64
Version: 1.7.5
Check: compiled code
Result: NOTE
File 'BAS/libs/x64/BAS.dll':
Found non-API call to R: 'SETLENGTH'
Compiled code should not call non-API entry points in R.
See 'Writing portable packages' in the 'Writing R Extensions' manual,
and section 'Moving into C API compliance' for issues with the use of
non-API entry points.
Flavors: r-devel-windows-x86_64, r-release-windows-x86_64
These binaries (installable software) and packages are in development.
They may not be fully stable and should be used with caution. We make no claims about them.