CRAN Package Check Results for Package BATSS

Last updated on 2025-10-03 17:48:28 CEST.

Flavor Version Tinstall Tcheck Ttotal Status Flags
r-devel-linux-x86_64-debian-clang 1.1.0 4.33 44.15 48.48 OK
r-devel-linux-x86_64-debian-gcc 1.1.0 3.31 33.31 36.62 OK
r-devel-linux-x86_64-fedora-clang 1.1.1 71.20 OK
r-devel-linux-x86_64-fedora-gcc 1.1.1 84.24 OK
r-devel-windows-x86_64 1.1.0 7.00 59.00 66.00 OK
r-patched-linux-x86_64 1.1.0 5.84 41.50 47.34 OK
r-release-linux-x86_64 1.1.0 5.41 41.71 47.12 OK
r-release-macos-arm64 1.1.0 29.00 OK
r-release-macos-x86_64 1.1.1 46.00 OK
r-release-windows-x86_64 1.1.0 6.00 56.00 62.00 OK
r-oldrel-macos-arm64 1.1.0 38.00 NOTE
r-oldrel-macos-x86_64 1.1.1 61.00 NOTE
r-oldrel-windows-x86_64 1.1.1 10.00 70.00 80.00 OK

Check Details

Version: 1.1.0
Check: package dependencies
Result: NOTE Package suggested but not available for checking: ‘INLA’ Flavor: r-oldrel-macos-arm64

Version: 1.1.0
Check: Rd cross-references
Result: NOTE Package unavailable to check Rd xrefs: ‘INLA’ Flavor: r-oldrel-macos-arm64

Version: 1.1.1
Check: package dependencies
Result: NOTE Package suggested but not available for checking: ‘INLA’ Flavor: r-oldrel-macos-x86_64

Version: 1.1.1
Check: Rd cross-references
Result: NOTE Package unavailable to check Rd xrefs: ‘INLA’ Flavor: r-oldrel-macos-x86_64

These binaries (installable software) and packages are in development.
They may not be fully stable and should be used with caution. We make no claims about them.