Last updated on 2025-10-23 11:50:07 CEST.
Flavor | Version | Tinstall | Tcheck | Ttotal | Status | Flags |
---|---|---|---|---|---|---|
r-devel-linux-x86_64-debian-clang | 1.3.4 | 40.82 | 343.95 | 384.77 | OK | |
r-devel-linux-x86_64-debian-gcc | 1.3.4 | 27.20 | 237.30 | 264.50 | OK | |
r-devel-linux-x86_64-fedora-clang | 1.4 | 69.00 | 173.28 | 242.28 | NOTE | |
r-devel-linux-x86_64-fedora-gcc | 1.4 | 27.00 | 204.96 | 231.96 | NOTE | |
r-devel-windows-x86_64 | 1.3.4 | 38.00 | 282.00 | 320.00 | OK | |
r-patched-linux-x86_64 | 1.3.4 | 43.65 | 329.19 | 372.84 | OK | |
r-release-linux-x86_64 | 1.3.4 | 41.31 | 318.45 | 359.76 | OK | |
r-release-macos-arm64 | 1.4 | 6.00 | 62.00 | 68.00 | OK | |
r-release-macos-x86_64 | 1.4 | 20.00 | 133.00 | 153.00 | OK | |
r-release-windows-x86_64 | 1.3.4 | 38.00 | 279.00 | 317.00 | OK | |
r-oldrel-macos-arm64 | 1.4 | 6.00 | 65.00 | 71.00 | OK | |
r-oldrel-macos-x86_64 | 1.4 | 21.00 | 170.00 | 191.00 | OK | |
r-oldrel-windows-x86_64 | 1.3.4 | 54.00 | 379.00 | 433.00 | OK |
Version: 1.4
Check: Rd files
Result: NOTE
checkRd: (-1) BAwiR-package.Rd:20-28: Only 2 columns allowed in this table (row 1 has 1)
checkRd: (-1) BAwiR-package.Rd:20-28: Only 2 columns allowed in this table (row 2 has 1)
checkRd: (-1) BAwiR-package.Rd:20-28: Only 2 columns allowed in this table (row 3 has 1)
checkRd: (-1) BAwiR-package.Rd:20-28: Only 2 columns allowed in this table (row 4 has 1)
checkRd: (-1) BAwiR-package.Rd:20-28: Only 2 columns allowed in this table (row 5 has 1)
checkRd: (-1) BAwiR-package.Rd:20-28: Only 2 columns allowed in this table (row 6 has 1)
checkRd: (-1) BAwiR-package.Rd:20-28: Only 2 columns allowed in this table (row 7 has 1)
Flavors: r-devel-linux-x86_64-fedora-clang, r-devel-linux-x86_64-fedora-gcc
These binaries (installable software) and packages are in development.
They may not be fully stable and should be used with caution. We make no claims about them.