CRAN Package Check Results for Package BBEST

Last updated on 2025-02-16 10:50:42 CET.

Flavor Version Tinstall Tcheck Ttotal Status Flags
r-devel-linux-x86_64-debian-clang 0.1-8 8.81 58.86 67.67 NOTE
r-devel-linux-x86_64-debian-gcc 0.1-8 6.53 40.44 46.97 NOTE
r-devel-linux-x86_64-fedora-clang 0.1-8 113.76 NOTE
r-devel-linux-x86_64-fedora-gcc 0.1-8 99.58 NOTE
r-devel-macos-arm64 0.1-8 33.00 NOTE
r-devel-macos-x86_64 0.1-8 55.00 NOTE
r-devel-windows-x86_64 0.1-8 13.00 74.00 87.00 NOTE
r-patched-linux-x86_64 0.1-8 9.58 53.62 63.20 NOTE
r-release-linux-x86_64 0.1-8 7.39 54.11 61.50 NOTE
r-release-macos-arm64 0.1-8 31.00 NOTE
r-release-macos-x86_64 0.1-8 50.00 NOTE
r-release-windows-x86_64 0.1-8 12.00 73.00 85.00 NOTE
r-oldrel-macos-arm64 0.1-8 32.00 NOTE
r-oldrel-macos-x86_64 0.1-8 47.00 NOTE
r-oldrel-windows-x86_64 0.1-8 16.00 92.00 108.00 NOTE

Check Details

Version: 0.1-8
Check: Rd files
Result: NOTE checkRd: (-1) runUI.Rd:11: Lost braces 11 | Runs a \bold{Shiny} application. This function normally does not return; interrupt bold{R} to stop the application (usually by pressing Ctrl+C or Esc). | ^ Flavors: r-devel-linux-x86_64-debian-clang, r-devel-linux-x86_64-debian-gcc, r-devel-linux-x86_64-fedora-clang, r-devel-linux-x86_64-fedora-gcc, r-devel-macos-arm64, r-devel-macos-x86_64, r-devel-windows-x86_64, r-patched-linux-x86_64, r-release-linux-x86_64, r-release-macos-arm64, r-release-macos-x86_64, r-release-windows-x86_64

Version: 0.1-8
Check: LazyData
Result: NOTE 'LazyData' is specified without a 'data' directory Flavors: r-patched-linux-x86_64, r-release-linux-x86_64, r-release-macos-arm64, r-release-macos-x86_64, r-release-windows-x86_64, r-oldrel-macos-arm64, r-oldrel-macos-x86_64, r-oldrel-windows-x86_64

These binaries (installable software) and packages are in development.
They may not be fully stable and should be used with caution. We make no claims about them.