Last updated on 2025-11-12 19:51:42 CET.
| Flavor | Version | Tinstall | Tcheck | Ttotal | Status | Flags |
|---|---|---|---|---|---|---|
| r-devel-linux-x86_64-debian-clang | 1.0.3 | 90.94 | 251.91 | 342.85 | OK | |
| r-devel-linux-x86_64-debian-gcc | 1.0.3 | 53.59 | 173.19 | 226.78 | OK | |
| r-devel-linux-x86_64-fedora-clang | 1.0.3 | 170.00 | 377.49 | 547.49 | OK | |
| r-devel-linux-x86_64-fedora-gcc | 1.0.3 | 207.00 | 338.28 | 545.28 | OK | |
| r-devel-windows-x86_64 | 1.0.3 | 85.00 | 263.00 | 348.00 | OK | |
| r-patched-linux-x86_64 | 1.0.3 | 74.48 | 239.00 | 313.48 | OK | |
| r-release-linux-x86_64 | 1.0.3 | 75.72 | 240.96 | 316.68 | OK | |
| r-release-macos-arm64 | 1.0.3 | 6.00 | ERROR | |||
| r-release-macos-x86_64 | 1.0.3 | 6.00 | ERROR | |||
| r-release-windows-x86_64 | 1.0.3 | 81.00 | 262.00 | 343.00 | OK | |
| r-oldrel-macos-arm64 | 1.0.3 | 10.00 | ERROR | |||
| r-oldrel-macos-x86_64 | 1.0.3 | 11.00 | ERROR | |||
| r-oldrel-windows-x86_64 | 1.0.3 | 103.00 | 331.00 | 434.00 | NOTE |
Version: 1.0.3
Check: package dependencies
Result: ERROR
Package required but not available: ‘mixAK’
See section ‘The DESCRIPTION file’ in the ‘Writing R Extensions’
manual.
Flavors: r-release-macos-arm64, r-release-macos-x86_64, r-oldrel-macos-arm64, r-oldrel-macos-x86_64
Version: 1.0.3
Check: installed package size
Result: NOTE
installed size is 5.9Mb
sub-directories of 1Mb or more:
data 3.3Mb
doc 1.2Mb
libs 1.4Mb
Flavor: r-oldrel-windows-x86_64
These binaries (installable software) and packages are in development.
They may not be fully stable and should be used with caution. We make no claims about them.