Last updated on 2025-02-07 08:51:05 CET.
Flavor | Version | Tinstall | Tcheck | Ttotal | Status | Flags |
---|---|---|---|---|---|---|
r-devel-linux-x86_64-debian-clang | 1.0.3 | 91.11 | 221.20 | 312.31 | OK | |
r-devel-linux-x86_64-debian-gcc | 1.0.3 | 56.30 | 150.48 | 206.78 | OK | |
r-devel-linux-x86_64-fedora-clang | 1.0.3 | 521.00 | OK | |||
r-devel-linux-x86_64-fedora-gcc | 1.0.3 | 503.44 | OK | |||
r-devel-windows-x86_64 | 1.0.3 | 75.00 | 233.00 | 308.00 | OK | |
r-patched-linux-x86_64 | 1.0.3 | 76.29 | 204.46 | 280.75 | OK | |
r-release-linux-x86_64 | 1.0.3 | 76.16 | 202.17 | 278.33 | OK | |
r-release-macos-arm64 | 1.0.3 | 10.00 | ERROR | |||
r-release-macos-x86_64 | 1.0.3 | 19.00 | ERROR | |||
r-release-windows-x86_64 | 1.0.3 | 72.00 | 259.00 | 331.00 | NOTE | |
r-oldrel-macos-arm64 | 1.0.3 | 10.00 | ERROR | |||
r-oldrel-macos-x86_64 | 1.0.3 | 12.00 | ERROR | |||
r-oldrel-windows-x86_64 | 1.0.3 | 91.00 | 297.00 | 388.00 | NOTE |
Version: 1.0.3
Check: package dependencies
Result: ERROR
Package required but not available: ‘mixAK’
See section ‘The DESCRIPTION file’ in the ‘Writing R Extensions’
manual.
Flavors: r-release-macos-arm64, r-release-macos-x86_64, r-oldrel-macos-arm64, r-oldrel-macos-x86_64
Version: 1.0.3
Check: installed package size
Result: NOTE
installed size is 5.9Mb
sub-directories of 1Mb or more:
data 3.3Mb
doc 1.2Mb
libs 1.4Mb
Flavors: r-release-windows-x86_64, r-oldrel-windows-x86_64
These binaries (installable software) and packages are in development.
They may not be fully stable and should be used with caution. We make no claims about them.