Last updated on 2025-05-01 10:50:04 CEST.
Flavor | Version | Tinstall | Tcheck | Ttotal | Status | Flags |
---|---|---|---|---|---|---|
r-devel-linux-x86_64-debian-clang | 1.0.3 | 88.32 | 231.16 | 319.48 | NOTE | |
r-devel-linux-x86_64-debian-gcc | 1.0.3 | 57.12 | 159.30 | 216.42 | OK | |
r-devel-linux-x86_64-fedora-clang | 1.0.3 | 486.00 | OK | |||
r-devel-linux-x86_64-fedora-gcc | 1.0.3 | 520.69 | OK | |||
r-devel-windows-x86_64 | 1.0.3 | 80.00 | 248.00 | 328.00 | OK | |
r-patched-linux-x86_64 | 1.0.3 | 73.56 | 217.34 | 290.90 | OK | |
r-release-linux-x86_64 | OK | |||||
r-release-macos-arm64 | 1.0.3 | 5.00 | ERROR | |||
r-release-macos-x86_64 | 1.0.3 | 7.00 | ERROR | |||
r-release-windows-x86_64 | 1.0.3 | 83.00 | 251.00 | 334.00 | OK | |
r-oldrel-macos-arm64 | 1.0.3 | 9.00 | ERROR | |||
r-oldrel-macos-x86_64 | 1.0.3 | 13.00 | ERROR | |||
r-oldrel-windows-x86_64 | 1.0.3 | 95.00 | 318.00 | 413.00 | NOTE |
Version: 1.0.3
Check: examples
Result: NOTE
Examples with CPU (user + system) or elapsed time > 5s
user system elapsed
BayesT 8.082 0.276 10.747
plot.BCC 7.129 0.045 7.990
BCC.multi 4.629 0.260 5.777
Flavor: r-devel-linux-x86_64-debian-clang
Version: 1.0.3
Check: examples
Result: NA
user system elapsed
BayesT 4.546 0.317 6.303
plot.BCC 4.525 0.106 6.011
OK
Flavor: r-devel-linux-x86_64-debian-gcc
Version: 1.0.3
Check: package dependencies
Result: ERROR
Package required but not available: ‘mixAK’
See section ‘The DESCRIPTION file’ in the ‘Writing R Extensions’
manual.
Flavors: r-release-macos-arm64, r-release-macos-x86_64, r-oldrel-macos-arm64, r-oldrel-macos-x86_64
Version: 1.0.3
Check: installed package size
Result: NOTE
installed size is 5.9Mb
sub-directories of 1Mb or more:
data 3.3Mb
doc 1.2Mb
libs 1.4Mb
Flavor: r-oldrel-windows-x86_64
These binaries (installable software) and packages are in development.
They may not be fully stable and should be used with caution. We make no claims about them.