Last updated on 2025-02-19 18:50:57 CET.
Flavor | Version | Tinstall | Tcheck | Ttotal | Status | Flags |
---|---|---|---|---|---|---|
r-devel-linux-x86_64-debian-clang | 2.4.7 | 31.46 | 598.25 | 629.71 | NOTE | |
r-devel-linux-x86_64-debian-gcc | 2.4.7 | 22.41 | 435.51 | 457.92 | NOTE | |
r-devel-linux-x86_64-fedora-clang | 2.4.7 | 980.99 | NOTE | |||
r-devel-linux-x86_64-fedora-gcc | 2.4.7 | 920.84 | NOTE | |||
r-devel-macos-arm64 | 2.4.7 | 274.00 | OK | |||
r-devel-macos-x86_64 | 2.4.7 | 603.00 | NOTE | |||
r-devel-windows-x86_64 | 2.4.7 | 26.00 | 560.00 | 586.00 | NOTE | |
r-patched-linux-x86_64 | 2.4.7 | 34.95 | 575.97 | 610.92 | OK | |
r-release-linux-x86_64 | 2.4.7 | 32.75 | 572.47 | 605.22 | OK | |
r-release-macos-arm64 | 2.4.7 | 170.00 | OK | |||
r-release-macos-x86_64 | 2.4.7 | 290.00 | OK | |||
r-release-windows-x86_64 | 2.4.7 | 25.00 | 560.00 | 585.00 | OK | |
r-oldrel-macos-arm64 | 2.4.7 | 229.00 | OK | |||
r-oldrel-macos-x86_64 | 2.4.7 | 396.00 | OK | |||
r-oldrel-windows-x86_64 | 2.4.7 | 35.00 | 647.00 | 682.00 | OK |
Version: 2.4.7
Check: DESCRIPTION meta-information
Result: NOTE
Missing dependency on R >= 4.1.0 because package code uses the pipe
|> or function shorthand \(...) syntax added in R 4.1.0.
File(s) using such syntax:
‘ceac_plot_graph.R’ ‘ceef_plot_graph.R’ ‘ceplane_plot_graph.R’
‘contour_graph.R’ ‘eib_plot_graph.R’ ‘evppi.default.R’
‘evppi_plot_ggplot.R’ ‘info_rank_graph.R’ ‘plot.bcea.R’
‘prep_ceplane_params.R’
Flavors: r-devel-linux-x86_64-debian-clang, r-devel-linux-x86_64-debian-gcc, r-devel-linux-x86_64-fedora-clang, r-devel-linux-x86_64-fedora-gcc, r-devel-macos-x86_64, r-devel-windows-x86_64
These binaries (installable software) and packages are in development.
They may not be fully stable and should be used with caution. We make no claims about them.