CRAN Package Check Results for Package BCEE

Last updated on 2025-10-03 19:50:03 CEST.

Flavor Version Tinstall Tcheck Ttotal Status Flags
r-devel-linux-x86_64-debian-clang 1.3.2 28.47 73.81 102.28 NOTE
r-devel-linux-x86_64-debian-gcc 1.3.2 17.53 53.40 70.93 NOTE
r-devel-linux-x86_64-fedora-clang 1.3.2 170.37 OK
r-devel-linux-x86_64-fedora-gcc 1.3.2 164.60 OK
r-devel-windows-x86_64 1.3.2 36.00 100.00 136.00 OK
r-patched-linux-x86_64 1.3.2 29.40 70.85 100.25 OK
r-release-linux-x86_64 1.3.2 28.88 70.72 99.60 OK
r-release-macos-arm64 1.3.2 50.00 OK
r-release-macos-x86_64 1.3.2 93.00 OK
r-release-windows-x86_64 1.3.2 34.00 99.00 133.00 OK
r-oldrel-macos-arm64 1.3.2 50.00 OK
r-oldrel-macos-x86_64 1.3.2 81.00 OK
r-oldrel-windows-x86_64 1.3.2 42.00 125.00 167.00 OK

Check Details

Version: 1.3.2
Check: CRAN incoming feasibility
Result: NOTE Maintainer: ‘Denis Talbot <denis.talbot@fmed.ulaval.ca>’ No Authors@R field in DESCRIPTION. Please add one, modifying Authors@R: c(person(given = "Denis", family = "Talbot", role = c("aut", "cre"), email = "denis.talbot@fmed.ulaval.ca"), person(given = "Genevieve", family = "Lefebvre", role = "aut"), person(given = "Juli", family = "Atherton", role = "aut"), person(given = "Yohann", family = "Chiu.", role = "aut")) as necessary. Flavors: r-devel-linux-x86_64-debian-clang, r-devel-linux-x86_64-debian-gcc

These binaries (installable software) and packages are in development.
They may not be fully stable and should be used with caution. We make no claims about them.