CRAN Package Check Results for Package BCHM

Last updated on 2025-05-01 17:55:58 CEST.

Flavor Version Tinstall Tcheck Ttotal Status Flags
r-devel-linux-x86_64-debian-clang 1.00 2.72 34.11 36.83 NOTE
r-devel-linux-x86_64-debian-gcc 1.00 1.91 26.47 28.38 NOTE
r-devel-linux-x86_64-fedora-clang 1.00 59.31 NOTE
r-devel-linux-x86_64-fedora-gcc 1.00 90.79 NOTE
r-devel-windows-x86_64 1.00 4.00 59.00 63.00 OK
r-patched-linux-x86_64 1.00 2.74 32.37 35.11 OK
r-release-linux-x86_64 OK
r-release-macos-arm64 1.00 31.00 OK
r-release-macos-x86_64 1.00 71.00 OK
r-release-windows-x86_64 1.00 4.00 60.00 64.00 OK
r-oldrel-macos-arm64 1.00 31.00 NOTE
r-oldrel-macos-x86_64 1.00 45.00 NOTE
r-oldrel-windows-x86_64 1.00 5.00 61.00 66.00 NOTE

Check Details

Version: 1.00
Check: CRAN incoming feasibility
Result: NOTE Maintainer: ‘J. Jack Lee <jjlee@mdanderson.org>’ No Authors@R field in DESCRIPTION. Please add one, modifying Authors@R: c(person(given = "Nan", family = "Chen", role = "aut"), person(given = c("J.", "Jack"), family = "Lee", role = c("aut", "cre"), email = "jjlee@mdanderson.org")) as necessary. Flavors: r-devel-linux-x86_64-debian-clang, r-devel-linux-x86_64-debian-gcc

Version: 1.00
Check: dependencies in R code
Result: NOTE Namespaces in Imports field not imported from: ‘coda’ ‘knitr’ ‘plyr’ All declared Imports should be used. Flavors: r-devel-linux-x86_64-fedora-clang, r-devel-linux-x86_64-fedora-gcc

Version: 1.00
Check: LazyData
Result: NOTE 'LazyData' is specified without a 'data' directory Flavors: r-oldrel-macos-arm64, r-oldrel-macos-x86_64, r-oldrel-windows-x86_64

These binaries (installable software) and packages are in development.
They may not be fully stable and should be used with caution. We make no claims about them.