Last updated on 2025-02-16 10:50:42 CET.
Flavor | Version | Tinstall | Tcheck | Ttotal | Status | Flags |
---|---|---|---|---|---|---|
r-devel-linux-x86_64-debian-clang | 1.00 | 2.73 | 33.33 | 36.06 | OK | |
r-devel-linux-x86_64-debian-gcc | 1.00 | 2.08 | 25.50 | 27.58 | OK | |
r-devel-linux-x86_64-fedora-clang | 1.00 | 63.70 | NOTE | |||
r-devel-linux-x86_64-fedora-gcc | 1.00 | 88.44 | NOTE | |||
r-devel-macos-arm64 | 1.00 | 30.00 | OK | |||
r-devel-macos-x86_64 | 1.00 | 66.00 | OK | |||
r-devel-windows-x86_64 | 1.00 | 4.00 | 62.00 | 66.00 | OK | |
r-patched-linux-x86_64 | 1.00 | 2.82 | 32.01 | 34.83 | NOTE | |
r-release-linux-x86_64 | 1.00 | 2.60 | 32.15 | 34.75 | NOTE | |
r-release-macos-arm64 | 1.00 | 31.00 | NOTE | |||
r-release-macos-x86_64 | 1.00 | 45.00 | NOTE | |||
r-release-windows-x86_64 | 1.00 | 4.00 | 58.00 | 62.00 | NOTE | |
r-oldrel-macos-arm64 | 1.00 | 32.00 | NOTE | |||
r-oldrel-macos-x86_64 | 1.00 | 44.00 | NOTE | |||
r-oldrel-windows-x86_64 | 1.00 | 5.00 | 59.00 | 64.00 | NOTE |
Version: 1.00
Check: dependencies in R code
Result: NOTE
Namespaces in Imports field not imported from:
‘coda’ ‘knitr’ ‘plyr’
All declared Imports should be used.
Flavors: r-devel-linux-x86_64-fedora-clang, r-devel-linux-x86_64-fedora-gcc
Version: 1.00
Check: LazyData
Result: NOTE
'LazyData' is specified without a 'data' directory
Flavors: r-patched-linux-x86_64, r-release-linux-x86_64, r-release-macos-arm64, r-release-macos-x86_64, r-release-windows-x86_64, r-oldrel-macos-arm64, r-oldrel-macos-x86_64, r-oldrel-windows-x86_64
These binaries (installable software) and packages are in development.
They may not be fully stable and should be used with caution. We make no claims about them.