CRAN Package Check Results for Package BCRA

Last updated on 2025-05-08 04:51:59 CEST.

Flavor Version Tinstall Tcheck Ttotal Status Flags
r-devel-linux-x86_64-debian-clang 2.1.2 2.16 22.71 24.87 NOTE
r-devel-linux-x86_64-debian-gcc 2.1.2 1.83 17.54 19.37 NOTE
r-devel-linux-x86_64-fedora-clang 2.1.2 39.86 OK
r-devel-linux-x86_64-fedora-gcc 2.1.2 37.65 OK
r-devel-windows-x86_64 2.1.2 3.00 43.00 46.00 OK
r-patched-linux-x86_64 2.1.2 2.65 21.84 24.49 OK
r-release-linux-x86_64 2.1.2 2.21 21.72 23.93 OK
r-release-macos-arm64 2.1.2 16.00 OK
r-release-macos-x86_64 2.1.2 26.00 OK
r-release-windows-x86_64 2.1.2 4.00 43.00 47.00 OK
r-oldrel-macos-arm64 2.1.2 21.00 OK
r-oldrel-macos-x86_64 2.1.2 36.00 OK
r-oldrel-windows-x86_64 2.1.2 4.00 41.00 45.00 OK

Check Details

Version: 2.1.2
Check: CRAN incoming feasibility
Result: NOTE Maintainer: ‘Fanni Zhang <rstatpackages@gmail.com>’ No Authors@R field in DESCRIPTION. Please add one, modifying Authors@R: person(given = "Fanni", family = "Zhang", role = c("aut", "cre"), email = "rstatpackages@gmail.com") as necessary. Flavors: r-devel-linux-x86_64-debian-clang, r-devel-linux-x86_64-debian-gcc

These binaries (installable software) and packages are in development.
They may not be fully stable and should be used with caution. We make no claims about them.