Last updated on 2025-05-01 10:50:04 CEST.
Flavor | Version | Tinstall | Tcheck | Ttotal | Status | Flags |
---|---|---|---|---|---|---|
r-devel-linux-x86_64-debian-clang | 0.5 | 22.88 | 37.49 | 60.37 | NOTE | |
r-devel-linux-x86_64-debian-gcc | 0.5 | 19.01 | 28.37 | 47.38 | NOTE | |
r-devel-linux-x86_64-fedora-clang | 0.5 | 117.25 | OK | |||
r-devel-linux-x86_64-fedora-gcc | 0.5 | 162.98 | OK | |||
r-devel-windows-x86_64 | 0.5 | 32.00 | 79.00 | 111.00 | OK | |
r-patched-linux-x86_64 | 0.5 | 27.83 | 36.17 | 64.00 | OK | |
r-release-linux-x86_64 | OK | |||||
r-release-macos-arm64 | 0.5 | 58.00 | OK | |||
r-release-macos-x86_64 | 0.5 | 96.00 | OK | |||
r-release-windows-x86_64 | 0.5 | 32.00 | 77.00 | 109.00 | OK | |
r-oldrel-macos-arm64 | 0.5 | 52.00 | NOTE | |||
r-oldrel-macos-x86_64 | 0.5 | 86.00 | NOTE | |||
r-oldrel-windows-x86_64 | 0.5 | 37.00 | 101.00 | 138.00 | NOTE |
Version: 0.5
Check: CRAN incoming feasibility
Result: NOTE
Maintainer: ‘Jiehuan Sun <jiehuan.sun@yale.edu>’
No Authors@R field in DESCRIPTION.
Please add one, modifying
Authors@R: c(person(given = "Jiehuan",
family = "Sun",
role = c("aut", "cre"),
email = "jiehuan.sun@yale.edu"),
person(given = c("Joshua", "L."),
family = "Warren",
role = "aut"),
person(given = "Hongyu",
family = "Zhao",
role = "aut"))
as necessary.
Flavors: r-devel-linux-x86_64-debian-clang, r-devel-linux-x86_64-debian-gcc
Version: 0.5
Check: examples
Result: NOTE
Examples with CPU (user + system) or elapsed time > 5s
user system elapsed
BCSub 7.106 0.129 9.672
Flavor: r-devel-linux-x86_64-debian-clang
Version: 0.5
Check: examples
Result: NA
user system elapsed
BCSub 4.477 0.048 5.262
OK
Flavor: r-devel-linux-x86_64-debian-gcc
Version: 0.5
Check: LazyData
Result: NOTE
'LazyData' is specified without a 'data' directory
Flavors: r-oldrel-macos-arm64, r-oldrel-macos-x86_64, r-oldrel-windows-x86_64
These binaries (installable software) and packages are in development.
They may not be fully stable and should be used with caution. We make no claims about them.