CRAN Package Check Results for Package BCgee

Last updated on 2025-07-02 03:50:36 CEST.

Flavor Version Tinstall Tcheck Ttotal Status Flags
r-devel-linux-x86_64-debian-clang 0.1.1 2.03 20.42 22.45 NOTE
r-devel-linux-x86_64-debian-gcc 0.1.1 1.56 16.21 17.77 NOTE
r-devel-linux-x86_64-fedora-clang 0.1.1 34.72 OK
r-devel-linux-x86_64-fedora-gcc 0.1.1 33.88 OK
r-devel-windows-x86_64 0.1.1 4.00 41.00 45.00 OK
r-patched-linux-x86_64 OK
r-release-linux-x86_64 0.1.1 1.89 19.08 20.97 OK
r-release-macos-arm64 0.1.1 17.00 OK
r-release-macos-x86_64 0.1.1 25.00 OK
r-release-windows-x86_64 0.1.1 4.00 42.00 46.00 OK
r-oldrel-macos-arm64 0.1.1 21.00 OK
r-oldrel-macos-x86_64 0.1.1 30.00 OK
r-oldrel-windows-x86_64 0.1.1 3.00 44.00 47.00 OK

Check Details

Version: 0.1.1
Check: CRAN incoming feasibility
Result: NOTE Maintainer: ‘Nicola Lunardon <nicola.lunardon@unimib.it>’ No Authors@R field in DESCRIPTION. Please add one, modifying Authors@R: c(person(given = "Nicola", family = "Lunardon", role = c("aut", "cre"), email = "nicola.lunardon@unimib.it"), person(given = "Daniel", family = "Scharfstein", role = "aut", email = "dscharf@jhu.edu")) as necessary. Flavors: r-devel-linux-x86_64-debian-clang, r-devel-linux-x86_64-debian-gcc

These binaries (installable software) and packages are in development.
They may not be fully stable and should be used with caution. We make no claims about them.