Last updated on 2025-05-21 21:49:10 CEST.
Flavor | Version | Tinstall | Tcheck | Ttotal | Status | Flags |
---|---|---|---|---|---|---|
r-devel-linux-x86_64-debian-clang | 1.3.0 | 8.53 | 68.51 | 77.04 | NOTE | |
r-devel-linux-x86_64-debian-gcc | 1.3.0 | 5.69 | 49.69 | 55.38 | NOTE | |
r-devel-linux-x86_64-fedora-clang | 1.3.0 | 128.06 | OK | |||
r-devel-linux-x86_64-fedora-gcc | 1.3.0 | 121.64 | OK | |||
r-devel-windows-x86_64 | 1.3.0 | 10.00 | 82.00 | 92.00 | OK | |
r-patched-linux-x86_64 | 1.3.0 | 8.42 | 65.71 | 74.13 | OK | |
r-release-linux-x86_64 | 1.3.0 | 8.12 | 65.68 | 73.80 | OK | |
r-release-macos-arm64 | 1.3.0 | 38.00 | OK | |||
r-release-macos-x86_64 | 1.3.0 | 62.00 | OK | |||
r-release-windows-x86_64 | 1.3.0 | 10.00 | 91.00 | 101.00 | OK | |
r-oldrel-macos-arm64 | 1.3.0 | 35.00 | OK | |||
r-oldrel-macos-x86_64 | 1.3.0 | 59.00 | OK | |||
r-oldrel-windows-x86_64 | 1.3.0 | 13.00 | 97.00 | 110.00 | OK |
Version: 1.3.0
Check: CRAN incoming feasibility
Result: NOTE
Maintainer: ‘Hamed Haselimashhadi <hamedhaseli@gmail.com>’
No Authors@R field in DESCRIPTION.
Please add one, modifying
Authors@R: person(given = "Hamed",
family = "Haselimashhadi",
role = c("aut", "cre"),
email = "hamedhaseli@gmail.com")
as necessary.
Flavors: r-devel-linux-x86_64-debian-clang, r-devel-linux-x86_64-debian-gcc
These binaries (installable software) and packages are in development.
They may not be fully stable and should be used with caution. We make no claims about them.