CRAN Package Check Results for Package BDWreg

Last updated on 2025-10-03 01:49:39 CEST.

Flavor Version Tinstall Tcheck Ttotal Status Flags
r-devel-linux-x86_64-debian-clang 1.3.0 8.45 76.65 85.10 NOTE
r-devel-linux-x86_64-debian-gcc 1.3.0 6.75 54.44 61.19 NOTE
r-devel-linux-x86_64-fedora-clang 1.3.0 130.66 OK
r-devel-linux-x86_64-fedora-gcc 1.3.0 130.32 OK
r-devel-windows-x86_64 1.3.0 9.00 86.00 95.00 OK
r-patched-linux-x86_64 1.3.0 7.37 72.31 79.68 OK
r-release-linux-x86_64 1.3.0 8.24 72.67 80.91 OK
r-release-macos-arm64 1.3.0 38.00 OK
r-release-macos-x86_64 1.3.0 62.00 OK
r-release-windows-x86_64 1.3.0 10.00 86.00 96.00 OK
r-oldrel-macos-arm64 1.3.0 35.00 OK
r-oldrel-macos-x86_64 1.3.0 59.00 OK
r-oldrel-windows-x86_64 1.3.0 13.00 110.00 123.00 OK

Check Details

Version: 1.3.0
Check: CRAN incoming feasibility
Result: NOTE Maintainer: ‘Hamed Haselimashhadi <hamedhaseli@gmail.com>’ No Authors@R field in DESCRIPTION. Please add one, modifying Authors@R: person(given = "Hamed", family = "Haselimashhadi", role = c("aut", "cre"), email = "hamedhaseli@gmail.com") as necessary. Flavors: r-devel-linux-x86_64-debian-clang, r-devel-linux-x86_64-debian-gcc

These binaries (installable software) and packages are in development.
They may not be fully stable and should be used with caution. We make no claims about them.