Last updated on 2024-07-27 15:50:12 CEST.
Flavor | Version | Tinstall | Tcheck | Ttotal | Status | Flags |
---|---|---|---|---|---|---|
r-devel-linux-x86_64-debian-clang | 2.72 | 51.27 | 103.96 | 155.23 | NOTE | |
r-devel-linux-x86_64-debian-gcc | 2.72 | NOTE | ||||
r-devel-linux-x86_64-fedora-clang | 2.72 | 236.86 | NOTE | |||
r-devel-linux-x86_64-fedora-gcc | 2.72 | 263.02 | NOTE | |||
r-devel-windows-x86_64 | 2.72 | 51.00 | 107.00 | 158.00 | NOTE | |
r-patched-linux-x86_64 | 2.72 | NOTE | ||||
r-release-linux-x86_64 | 2.72 | 53.64 | 175.20 | 228.84 | NOTE | |
r-release-macos-arm64 | 2.72 | 60.00 | NOTE | |||
r-release-macos-x86_64 | 2.72 | 84.00 | NOTE | |||
r-release-windows-x86_64 | 2.72 | 50.00 | 105.00 | 155.00 | NOTE | |
r-oldrel-macos-arm64 | 2.72 | 69.00 | NOTE | |||
r-oldrel-macos-x86_64 | 2.72 | 109.00 | NOTE | |||
r-oldrel-windows-x86_64 | 2.72 | 61.00 | 122.00 | 183.00 | NOTE |
Version: 2.72
Check: C++ specification
Result: NOTE
Specified C++11: please drop specification unless essential
Flavors: r-devel-linux-x86_64-debian-clang, r-devel-linux-x86_64-debian-gcc, r-devel-linux-x86_64-fedora-clang, r-devel-linux-x86_64-fedora-gcc, r-devel-windows-x86_64, r-patched-linux-x86_64, r-release-linux-x86_64, r-release-macos-arm64, r-release-macos-x86_64, r-release-windows-x86_64, r-oldrel-macos-arm64, r-oldrel-macos-x86_64, r-oldrel-windows-x86_64
Version: 2.72
Check: Rd cross-references
Result: NOTE
Found the following Rd file(s) with Rd \link{} targets missing package
anchors:
plot.graph.Rd: plot.igraph
plot.sim.Rd: plot.igraph
Please provide package anchors for all Rd \link{} targets not in the
package itself and the base packages.
Flavors: r-devel-linux-x86_64-debian-gcc, r-devel-windows-x86_64
Version: 2.72
Check: installed package size
Result: NOTE
installed size is 5.2Mb
sub-directories of 1Mb or more:
libs 3.7Mb
Flavors: r-release-macos-x86_64, r-oldrel-macos-arm64, r-oldrel-macos-x86_64
Version: 2.72
Check: package dependencies
Result: NOTE
Packages suggested but not available for checking: 'ssgraph', 'tmvtnorm'
Flavor: r-oldrel-macos-x86_64
Version: 2.72
Check: Rd cross-references
Result: NOTE
Package unavailable to check Rd xrefs: ‘ssgraph’
Flavor: r-oldrel-macos-x86_64
These binaries (installable software) and packages are in development.
They may not be fully stable and should be used with caution. We make no claims about them.