Last updated on 2025-02-16 12:53:29 CET.
Flavor | Version | Tinstall | Tcheck | Ttotal | Status | Flags |
---|---|---|---|---|---|---|
r-devel-linux-x86_64-debian-clang | 2.73 | 46.75 | 80.46 | 127.21 | OK | |
r-devel-linux-x86_64-debian-gcc | 2.73 | 38.90 | 54.46 | 93.36 | OK | |
r-devel-linux-x86_64-fedora-clang | 2.73 | 235.04 | OK | |||
r-devel-linux-x86_64-fedora-gcc | 2.73 | 234.86 | OK | |||
r-devel-macos-arm64 | 2.73 | 65.00 | OK | |||
r-devel-macos-x86_64 | 2.73 | 122.00 | OK | |||
r-devel-windows-x86_64 | 2.73 | 59.00 | 108.00 | 167.00 | OK | |
r-patched-linux-x86_64 | 2.73 | 58.30 | 71.70 | 130.00 | OK | |
r-release-linux-x86_64 | 2.73 | 57.50 | 71.43 | 128.93 | OK | |
r-release-macos-arm64 | 2.73 | 67.00 | OK | |||
r-release-macos-x86_64 | 2.73 | 142.00 | NOTE | |||
r-release-windows-x86_64 | 2.73 | 57.00 | 104.00 | 161.00 | OK | |
r-oldrel-macos-arm64 | 2.73 | 84.00 | OK | |||
r-oldrel-macos-x86_64 | 2.73 | 147.00 | NOTE | |||
r-oldrel-windows-x86_64 | 2.73 | 67.00 | 115.00 | 182.00 | OK |
Version: 2.73
Check: installed package size
Result: NOTE
installed size is 5.2Mb
sub-directories of 1Mb or more:
libs 3.7Mb
Flavors: r-release-macos-x86_64, r-oldrel-macos-x86_64
These binaries (installable software) and packages are in development.
They may not be fully stable and should be used with caution. We make no claims about them.