Last updated on 2025-07-02 23:49:39 CEST.
Flavor | Version | Tinstall | Tcheck | Ttotal | Status | Flags |
---|---|---|---|---|---|---|
r-devel-linux-x86_64-debian-clang | 1.4.5 | 133.96 | 621.85 | 755.81 | OK | |
r-devel-linux-x86_64-debian-gcc | 1.4.5 | 89.44 | 300.23 | 389.67 | OK | |
r-devel-linux-x86_64-fedora-clang | 1.4.5 | 1129.61 | OK | |||
r-devel-linux-x86_64-fedora-gcc | 1.4.5 | 837.84 | OK | |||
r-devel-windows-x86_64 | 1.4.5 | 124.00 | 342.00 | 466.00 | OK | |
r-patched-linux-x86_64 | 1.4.5 | 126.26 | 398.87 | 525.13 | OK | |
r-release-linux-x86_64 | 1.4.5 | 122.15 | 395.18 | 517.33 | OK | |
r-release-macos-arm64 | 1.4.5 | 219.00 | OK | |||
r-release-macos-x86_64 | 1.4.5 | 548.00 | OK | |||
r-release-windows-x86_64 | 1.4.5 | 131.00 | 345.00 | 476.00 | OK | |
r-oldrel-macos-arm64 | 1.4.5 | 211.00 | NOTE | |||
r-oldrel-macos-x86_64 | 1.4.5 | 363.00 | NOTE | |||
r-oldrel-windows-x86_64 | 1.4.5 | 156.00 | 467.00 | 623.00 | OK |
Version: 1.4.5
Check: installed package size
Result: NOTE
installed size is 14.5Mb
sub-directories of 1Mb or more:
libs 13.5Mb
Flavors: r-oldrel-macos-arm64, r-oldrel-macos-x86_64
These binaries (installable software) and packages are in development.
They may not be fully stable and should be used with caution. We make no claims about them.