Last updated on 2025-05-01 10:50:04 CEST.
Flavor | Version | Tinstall | Tcheck | Ttotal | Status | Flags |
---|---|---|---|---|---|---|
r-devel-linux-x86_64-debian-clang | 1.4.5 | 135.19 | 613.00 | 748.19 | OK | |
r-devel-linux-x86_64-debian-gcc | 1.4.5 | 86.75 | 302.44 | 389.19 | OK | |
r-devel-linux-x86_64-fedora-clang | 1.4.5 | 1106.65 | OK | |||
r-devel-linux-x86_64-fedora-gcc | 1.4.5 | 876.74 | OK | |||
r-devel-windows-x86_64 | 1.4.5 | 132.00 | 350.00 | 482.00 | OK | |
r-patched-linux-x86_64 | 1.4.5 | 124.70 | 395.79 | 520.49 | OK | |
r-release-linux-x86_64 | OK | |||||
r-release-macos-arm64 | 1.4.5 | 219.00 | OK | |||
r-release-macos-x86_64 | 1.4.5 | 548.00 | OK | |||
r-release-windows-x86_64 | 1.4.5 | 135.00 | 345.00 | 480.00 | OK | |
r-oldrel-macos-arm64 | 1.4.5 | 211.00 | NOTE | |||
r-oldrel-macos-x86_64 | 1.4.5 | 363.00 | NOTE | |||
r-oldrel-windows-x86_64 | 1.4.5 | 147.00 | 479.00 | 626.00 | OK |
Version: 1.4.5
Check: installed package size
Result: NOTE
installed size is 14.5Mb
sub-directories of 1Mb or more:
libs 13.5Mb
Flavors: r-oldrel-macos-arm64, r-oldrel-macos-x86_64
These binaries (installable software) and packages are in development.
They may not be fully stable and should be used with caution. We make no claims about them.