Last updated on 2025-10-03 11:50:36 CEST.
Flavor | Version | Tinstall | Tcheck | Ttotal | Status | Flags |
---|---|---|---|---|---|---|
r-devel-linux-x86_64-debian-clang | 1.4.5 | 128.05 | 606.94 | 734.99 | OK | |
r-devel-linux-x86_64-debian-gcc | 1.4.5 | 83.77 | 302.90 | 386.67 | OK | |
r-devel-linux-x86_64-fedora-clang | 1.4.5 | 1155.08 | OK | |||
r-devel-linux-x86_64-fedora-gcc | 1.4.5 | 816.00 | OK | |||
r-devel-windows-x86_64 | 1.4.5 | 136.00 | 351.00 | 487.00 | OK | |
r-patched-linux-x86_64 | 1.4.5 | 123.96 | 402.68 | 526.64 | OK | |
r-release-linux-x86_64 | 1.4.5 | 127.79 | 401.92 | 529.71 | OK | |
r-release-macos-arm64 | 1.4.5 | 219.00 | OK | |||
r-release-macos-x86_64 | 1.4.5 | 548.00 | OK | |||
r-release-windows-x86_64 | 1.4.5 | 130.00 | 352.00 | 482.00 | OK | |
r-oldrel-macos-arm64 | 1.4.5 | 211.00 | NOTE | |||
r-oldrel-macos-x86_64 | 1.4.5 | 363.00 | NOTE | |||
r-oldrel-windows-x86_64 | 1.4.5 | 165.00 | 471.00 | 636.00 | OK |
Version: 1.4.5
Check: installed package size
Result: NOTE
installed size is 14.5Mb
sub-directories of 1Mb or more:
libs 13.5Mb
Flavors: r-oldrel-macos-arm64, r-oldrel-macos-x86_64
These binaries (installable software) and packages are in development.
They may not be fully stable and should be used with caution. We make no claims about them.