Last updated on 2025-02-16 10:50:42 CET.
Flavor | Version | Tinstall | Tcheck | Ttotal | Status | Flags |
---|---|---|---|---|---|---|
r-devel-linux-x86_64-debian-clang | 0.5.2 | 2.29 | 67.47 | 69.76 | OK | |
r-devel-linux-x86_64-debian-gcc | 0.5.2 | 1.94 | 44.41 | 46.35 | OK | |
r-devel-linux-x86_64-fedora-clang | 0.5.2 | 125.01 | NOTE | |||
r-devel-linux-x86_64-fedora-gcc | 0.5.2 | 121.58 | NOTE | |||
r-devel-macos-arm64 | 0.5.2 | 37.00 | OK | |||
r-devel-macos-x86_64 | 0.5.2 | 112.00 | OK | |||
r-devel-windows-x86_64 | 0.5.2 | 4.00 | 75.00 | 79.00 | OK | |
r-patched-linux-x86_64 | 0.5.2 | 2.26 | 64.40 | 66.66 | OK | |
r-release-linux-x86_64 | 0.5.2 | 2.25 | 61.96 | 64.21 | OK | |
r-release-macos-arm64 | 0.5.2 | 43.00 | OK | |||
r-release-macos-x86_64 | 0.5.2 | 84.00 | OK | |||
r-release-windows-x86_64 | 0.5.2 | 4.00 | 77.00 | 81.00 | OK | |
r-oldrel-macos-arm64 | 0.5.2 | 42.00 | OK | |||
r-oldrel-macos-x86_64 | 0.5.2 | 59.00 | OK | |||
r-oldrel-windows-x86_64 | 0.5.2 | 4.00 | 109.00 | 113.00 | OK |
Version: 0.5.2
Check: dependencies in R code
Result: NOTE
Namespace in Imports field not imported from: ‘compiler’
All declared Imports should be used.
Flavors: r-devel-linux-x86_64-fedora-clang, r-devel-linux-x86_64-fedora-gcc
These binaries (installable software) and packages are in development.
They may not be fully stable and should be used with caution. We make no claims about them.