Last updated on 2025-05-01 12:49:23 CEST.
Flavor | Version | Tinstall | Tcheck | Ttotal | Status | Flags |
---|---|---|---|---|---|---|
r-devel-linux-x86_64-debian-clang | 0.5.12 | 7.49 | 76.95 | 84.44 | NOTE | |
r-devel-linux-x86_64-debian-gcc | 0.5.13 | 4.76 | 55.85 | 60.61 | OK | |
r-devel-linux-x86_64-fedora-clang | 0.5.13 | 136.36 | OK | |||
r-devel-linux-x86_64-fedora-gcc | 0.5.13 | 130.56 | OK | |||
r-devel-windows-x86_64 | 0.5.13 | 13.00 | 224.00 | 237.00 | OK | |
r-patched-linux-x86_64 | 0.5.12 | 7.24 | 70.72 | 77.96 | NOTE | |
r-release-linux-x86_64 | OK | |||||
r-release-macos-arm64 | 0.5.13 | 431.00 | OK | |||
r-release-macos-x86_64 | 0.5.13 | 431.00 | OK | |||
r-release-windows-x86_64 | 0.5.13 | 11.00 | 217.00 | 228.00 | OK | |
r-oldrel-macos-arm64 | 0.5.13 | 439.00 | OK | |||
r-oldrel-macos-x86_64 | 0.5.13 | 450.00 | OK | |||
r-oldrel-windows-x86_64 | 0.5.12 | 11.00 | 223.00 | 234.00 | OK |
Version: 0.5.12
Check: DESCRIPTION meta-information
Result: NOTE
Missing dependency on R >= 4.1.0 because package code uses the pipe
|> or function shorthand \(...) syntax added in R 4.1.0.
File(s) using such syntax:
‘bfs_get_catalog_data.R’ ‘bfs_get_catalog_tables.R’
Flavors: r-devel-linux-x86_64-debian-clang, r-patched-linux-x86_64
These binaries (installable software) and packages are in development.
They may not be fully stable and should be used with caution. We make no claims about them.