Last updated on 2025-05-01 14:49:05 CEST.
Flavor | Version | Tinstall | Tcheck | Ttotal | Status | Flags |
---|---|---|---|---|---|---|
r-devel-linux-x86_64-debian-clang | 2.4.1 | 6.56 | 58.37 | 64.93 | NOTE | |
r-devel-linux-x86_64-debian-gcc | 2.4.1 | 4.14 | 42.00 | 46.14 | OK | |
r-devel-linux-x86_64-fedora-clang | 2.4.1 | 99.45 | OK | |||
r-devel-linux-x86_64-fedora-gcc | 2.4.1 | 101.37 | OK | |||
r-devel-windows-x86_64 | 2.4.1 | 11.00 | 76.00 | 87.00 | OK | |
r-patched-linux-x86_64 | 2.4.1 | 6.24 | 54.30 | 60.54 | OK | |
r-release-linux-x86_64 | OK | |||||
r-release-macos-arm64 | 2.4.1 | 35.00 | OK | |||
r-release-macos-x86_64 | 2.4.1 | 71.00 | OK | |||
r-release-windows-x86_64 | 2.4.1 | 12.00 | 75.00 | 87.00 | OK | |
r-oldrel-macos-arm64 | 2.4.1 | 34.00 | OK | |||
r-oldrel-macos-x86_64 | 2.4.1 | 59.00 | OK | |||
r-oldrel-windows-x86_64 | 2.4.1 | 12.00 | 89.00 | 101.00 | OK |
Version: 2.4.1
Check: examples
Result: NOTE
Examples with CPU (user + system) or elapsed time > 5s
user system elapsed
GWAS 5.396 0.072 6.858
Flavor: r-devel-linux-x86_64-debian-clang
These binaries (installable software) and packages are in development.
They may not be fully stable and should be used with caution. We make no claims about them.